{"id":837,"date":"2013-04-17T13:10:15","date_gmt":"2013-04-17T17:40:15","guid":{"rendered":"https:\/\/cograf.com\/site\/?page_id=837"},"modified":"2014-01-14T10:49:35","modified_gmt":"2014-01-14T15:19:35","slug":"cultura-de-servicio","status":"publish","type":"page","link":"https:\/\/cograf.com\/site\/cultura-de-servicio\/","title":{"rendered":"Cultura de Servicio"},"content":{"rendered":"<p>En Cograf Comunicaciones nos dedicamos\u00a0a disciplinas de comunicaci\u00f3n social que inciden\u00a0en la percepci\u00f3n que las empresas generan\u00a0en sus p\u00fablicos.<\/p>\n<p>La comunicaci\u00f3n que cada d\u00eda cobra m\u00e1s valor en\u00a0el negocio es la que se produce entre el personal de\u00a0las empresas y sus clientes a trav\u00e9s de diferentes\u00a0medios: cara-a-cara, telef\u00f3nicamente, por escrito,\u00a0publicitariamente, etc.<\/p>\n<p>El desempe\u00f1o comunicacional de los empleados se\u00a0ha convertido en la base de la imagen:\u00a0Hoy m\u00e1s que nunca la gente es la publicidad.<\/p>\n<p>\u2022 <a href=\"https:\/\/cograf.com\/site\/cultura-de-servicio\/lecturas-de-apoyo\/\">Lecturas de apoyo<\/a><\/p>\n<p><span style=\"font-size: medium; color: #ff6600;\"><strong>Entrenamientos y Asesor\u00edas<\/strong><\/span><\/p>\n<p>\u2022 Sesiones de evaluaci\u00f3n previa a las percepciones\u00a0del personal sobre la calidad y la consistencia\u00a0de la atenci\u00f3n al cliente de la empresa.<\/p>\n<p>\u2022 Sesiones de cursos, talleres, seminarios\u00a0y charlas.<\/p>\n<p>\u2022 Programas particulares de entrenamiento\u00a0corporativo.<\/p>\n<p>\u2022 Sesiones de seguimiento posterior a los programas\u00a0de entrenamiento.<\/p>\n<p>\u2022 Coaching gerencial y ejecutivo<\/p>\n<p>\u2022 Asesor\u00eda, dise\u00f1o y producci\u00f3n de eventos\u00a0especiales para el personal.<\/p>\n<p>\u2022 Sesiones de reflexi\u00f3n o planificaci\u00f3n estrat\u00e9gica\u00a0especialmente dise\u00f1adas para equipos directivos\u00a0y gerenciales.<\/p>\n<p><span style=\"color: #ff6600; font-size: medium;\"><strong>Entrenamiento integral<\/strong><\/span><\/p>\n<p>Ofrecemos un programa modular de asesor\u00edas y cursos,\u00a0100% adaptables a la realidad y necesidades de cada\u00a0empresa, determinado por el volumen de participantes,\u00a0horarios disponibles, estructura funcional y din\u00e1mica\u00a0diaria de trabajo.<\/p>\n<p>Temas de nuestros entrenamientos:<\/p>\n<p>\u2022 El arte supremo de la atenci\u00f3n al cliente<\/p>\n<p>\u2022 La excelencia personal y en equipo es la diferencia<\/p>\n<p>\u2022 Maestr\u00eda en atenci\u00f3n telef\u00f3nica<\/p>\n<p>\u2022 El e-mail en el trabajo<\/p>\n<p>\u2022 Gerencia del cambio: Paradigmas y creatividad<\/p>\n<p>\u2022 Visi\u00f3n compartida del futuro y de los valores<\/p>\n<p>\u2022 El arte de la super-visi\u00f3n<\/p>\n<p>\u2022 El arte de las ventas y el telemercadeo<\/p>\n<p>\u2022 Mercadeo a trav\u00e9s de Internet<\/p>\n<p>\u2022 Planificaci\u00f3n y gerencia de marcas<\/p>\n","protected":false},"excerpt":{"rendered":"<p>En Cograf Comunicaciones nos dedicamos\u00a0a disciplinas de comunicaci\u00f3n social que inciden\u00a0en la percepci\u00f3n que las empresas generan\u00a0en sus p\u00fablicos. La comunicaci\u00f3n que cada d\u00eda cobra m\u00e1s valor en\u00a0el negocio es la que se produce entre el personal de\u00a0las empresas y&hellip;<\/p>\n","protected":false},"author":1,"featured_media":0,"parent":0,"menu_order":0,"comment_status":"open","ping_status":"open","template":"","meta":{"footnotes":""},"class_list":["post-837","page","type-page","status-publish","hentry","entry","no-media"],"yoast_head":"<!-- This site is optimized with the Yoast SEO plugin v26.9 - https:\/\/yoast.com\/product\/yoast-seo-wordpress\/ -->\n<title>Cultura de Servicio - Cograf Comunicaciones<\/title>\n<meta name=\"robots\" content=\"index, follow, max-snippet:-1, max-image-preview:large, max-video-preview:-1\" \/>\n<link rel=\"canonical\" href=\"https:\/\/cograf.com\/site\/cultura-de-servicio\/\" \/>\n<meta property=\"og:locale\" content=\"es_ES\" \/>\n<meta property=\"og:type\" content=\"article\" \/>\n<meta property=\"og:title\" content=\"Cultura de Servicio - Cograf Comunicaciones\" \/>\n<meta property=\"og:description\" content=\"En Cograf Comunicaciones nos dedicamos\u00a0a disciplinas de comunicaci\u00f3n social que inciden\u00a0en la percepci\u00f3n que las empresas generan\u00a0en sus p\u00fablicos. La comunicaci\u00f3n que cada d\u00eda cobra m\u00e1s valor en\u00a0el negocio es la que se produce entre el personal de\u00a0las empresas y&hellip;\" \/>\n<meta property=\"og:url\" content=\"https:\/\/cograf.com\/site\/cultura-de-servicio\/\" \/>\n<meta property=\"og:site_name\" content=\"Cograf Comunicaciones\" \/>\n<meta property=\"article:modified_time\" content=\"2014-01-14T15:19:35+00:00\" \/>\n<meta name=\"twitter:card\" content=\"summary_large_image\" \/>\n<meta name=\"twitter:label1\" content=\"Tiempo de lectura\" \/>\n\t<meta name=\"twitter:data1\" content=\"1 minuto\" \/>\n<script type=\"application\/ld+json\" class=\"yoast-schema-graph\">{\"@context\":\"https:\/\/schema.org\",\"@graph\":[{\"@type\":\"WebPage\",\"@id\":\"https:\/\/cograf.com\/site\/cultura-de-servicio\/\",\"url\":\"https:\/\/cograf.com\/site\/cultura-de-servicio\/\",\"name\":\"Cultura de Servicio - Cograf Comunicaciones\",\"isPartOf\":{\"@id\":\"https:\/\/cograf.com\/site\/#website\"},\"datePublished\":\"2013-04-17T17:40:15+00:00\",\"dateModified\":\"2014-01-14T15:19:35+00:00\",\"breadcrumb\":{\"@id\":\"https:\/\/cograf.com\/site\/cultura-de-servicio\/#breadcrumb\"},\"inLanguage\":\"es\",\"potentialAction\":[{\"@type\":\"ReadAction\",\"target\":[\"https:\/\/cograf.com\/site\/cultura-de-servicio\/\"]}]},{\"@type\":\"BreadcrumbList\",\"@id\":\"https:\/\/cograf.com\/site\/cultura-de-servicio\/#breadcrumb\",\"itemListElement\":[{\"@type\":\"ListItem\",\"position\":1,\"name\":\"Portada\",\"item\":\"https:\/\/cograf.com\/site\/\"},{\"@type\":\"ListItem\",\"position\":2,\"name\":\"Cultura de Servicio\"}]},{\"@type\":\"WebSite\",\"@id\":\"https:\/\/cograf.com\/site\/#website\",\"url\":\"https:\/\/cograf.com\/site\/\",\"name\":\"Cograf Comunicaciones\",\"description\":\"Imagen de marcas\",\"publisher\":{\"@id\":\"https:\/\/cograf.com\/site\/#organization\"},\"potentialAction\":[{\"@type\":\"SearchAction\",\"target\":{\"@type\":\"EntryPoint\",\"urlTemplate\":\"https:\/\/cograf.com\/site\/?s={search_term_string}\"},\"query-input\":{\"@type\":\"PropertyValueSpecification\",\"valueRequired\":true,\"valueName\":\"search_term_string\"}}],\"inLanguage\":\"es\"},{\"@type\":\"Organization\",\"@id\":\"https:\/\/cograf.com\/site\/#organization\",\"name\":\"Cograf Comunicaciones\",\"url\":\"https:\/\/cograf.com\/site\/\",\"logo\":{\"@type\":\"ImageObject\",\"inLanguage\":\"es\",\"@id\":\"https:\/\/cograf.com\/site\/#\/schema\/logo\/image\/\",\"url\":\"https:\/\/cograf.com\/site\/wp-content\/uploads\/2020\/10\/logo_cograf_new.jpg\",\"contentUrl\":\"https:\/\/cograf.com\/site\/wp-content\/uploads\/2020\/10\/logo_cograf_new.jpg\",\"width\":501,\"height\":301,\"caption\":\"Cograf Comunicaciones\"},\"image\":{\"@id\":\"https:\/\/cograf.com\/site\/#\/schema\/logo\/image\/\"}}]}<\/script>\n<!-- \/ Yoast SEO plugin. -->","yoast_head_json":{"title":"Cultura de Servicio - Cograf Comunicaciones","robots":{"index":"index","follow":"follow","max-snippet":"max-snippet:-1","max-image-preview":"max-image-preview:large","max-video-preview":"max-video-preview:-1"},"canonical":"https:\/\/cograf.com\/site\/cultura-de-servicio\/","og_locale":"es_ES","og_type":"article","og_title":"Cultura de Servicio - Cograf Comunicaciones","og_description":"En Cograf Comunicaciones nos dedicamos\u00a0a disciplinas de comunicaci\u00f3n social que inciden\u00a0en la percepci\u00f3n que las empresas generan\u00a0en sus p\u00fablicos. La comunicaci\u00f3n que cada d\u00eda cobra m\u00e1s valor en\u00a0el negocio es la que se produce entre el personal de\u00a0las empresas y&hellip;","og_url":"https:\/\/cograf.com\/site\/cultura-de-servicio\/","og_site_name":"Cograf Comunicaciones","article_modified_time":"2014-01-14T15:19:35+00:00","twitter_card":"summary_large_image","twitter_misc":{"Tiempo de lectura":"1 minuto"},"schema":{"@context":"https:\/\/schema.org","@graph":[{"@type":"WebPage","@id":"https:\/\/cograf.com\/site\/cultura-de-servicio\/","url":"https:\/\/cograf.com\/site\/cultura-de-servicio\/","name":"Cultura de Servicio - Cograf Comunicaciones","isPartOf":{"@id":"https:\/\/cograf.com\/site\/#website"},"datePublished":"2013-04-17T17:40:15+00:00","dateModified":"2014-01-14T15:19:35+00:00","breadcrumb":{"@id":"https:\/\/cograf.com\/site\/cultura-de-servicio\/#breadcrumb"},"inLanguage":"es","potentialAction":[{"@type":"ReadAction","target":["https:\/\/cograf.com\/site\/cultura-de-servicio\/"]}]},{"@type":"BreadcrumbList","@id":"https:\/\/cograf.com\/site\/cultura-de-servicio\/#breadcrumb","itemListElement":[{"@type":"ListItem","position":1,"name":"Portada","item":"https:\/\/cograf.com\/site\/"},{"@type":"ListItem","position":2,"name":"Cultura de Servicio"}]},{"@type":"WebSite","@id":"https:\/\/cograf.com\/site\/#website","url":"https:\/\/cograf.com\/site\/","name":"Cograf Comunicaciones","description":"Imagen de marcas","publisher":{"@id":"https:\/\/cograf.com\/site\/#organization"},"potentialAction":[{"@type":"SearchAction","target":{"@type":"EntryPoint","urlTemplate":"https:\/\/cograf.com\/site\/?s={search_term_string}"},"query-input":{"@type":"PropertyValueSpecification","valueRequired":true,"valueName":"search_term_string"}}],"inLanguage":"es"},{"@type":"Organization","@id":"https:\/\/cograf.com\/site\/#organization","name":"Cograf Comunicaciones","url":"https:\/\/cograf.com\/site\/","logo":{"@type":"ImageObject","inLanguage":"es","@id":"https:\/\/cograf.com\/site\/#\/schema\/logo\/image\/","url":"https:\/\/cograf.com\/site\/wp-content\/uploads\/2020\/10\/logo_cograf_new.jpg","contentUrl":"https:\/\/cograf.com\/site\/wp-content\/uploads\/2020\/10\/logo_cograf_new.jpg","width":501,"height":301,"caption":"Cograf Comunicaciones"},"image":{"@id":"https:\/\/cograf.com\/site\/#\/schema\/logo\/image\/"}}]}},"_links":{"self":[{"href":"https:\/\/cograf.com\/site\/wp-json\/wp\/v2\/pages\/837","targetHints":{"allow":["GET"]}}],"collection":[{"href":"https:\/\/cograf.com\/site\/wp-json\/wp\/v2\/pages"}],"about":[{"href":"https:\/\/cograf.com\/site\/wp-json\/wp\/v2\/types\/page"}],"author":[{"embeddable":true,"href":"https:\/\/cograf.com\/site\/wp-json\/wp\/v2\/users\/1"}],"replies":[{"embeddable":true,"href":"https:\/\/cograf.com\/site\/wp-json\/wp\/v2\/comments?post=837"}],"version-history":[{"count":0,"href":"https:\/\/cograf.com\/site\/wp-json\/wp\/v2\/pages\/837\/revisions"}],"wp:attachment":[{"href":"https:\/\/cograf.com\/site\/wp-json\/wp\/v2\/media?parent=837"}],"curies":[{"name":"wp","href":"https:\/\/api.w.org\/{rel}","templated":true}]}}