{"id":834,"date":"2013-04-17T13:08:59","date_gmt":"2013-04-17T17:38:59","guid":{"rendered":"https:\/\/cograf.com\/site\/?page_id=834"},"modified":"2013-04-18T09:52:13","modified_gmt":"2013-04-18T14:22:13","slug":"produccion-grafica","status":"publish","type":"page","link":"https:\/\/cograf.com\/site\/produccion-grafica\/","title":{"rendered":"Producci\u00f3n Gr\u00e1fica"},"content":{"rendered":"<p>Ayudamos a nuestros clientes a resolver todos los aspectos relacionados con la producci\u00f3n de todo tipo publicaciones promocionales y publicitarias:<\/p>\n<p>\u2022 Dise\u00f1o gr\u00e1fico e impresi\u00f3n de todo tipo de folletos\u00a0promocionales, revistas corporativas, boletines,\u00a0afiches, libros y todo tipo de material promocional\u00a0publicitario.<\/p>\n<p>\u2022 Redacci\u00f3n creativa de textos y contenidos para\u00a0diversas piezas publicitarias o publicaciones.<\/p>\n<p>\u2022 Producci\u00f3n y realizaci\u00f3n de fotograf\u00eda publicitaria.<\/p>\n","protected":false},"excerpt":{"rendered":"<p>Ayudamos a nuestros clientes a resolver todos los aspectos relacionados con la producci\u00f3n de todo tipo publicaciones promocionales y publicitarias: \u2022 Dise\u00f1o gr\u00e1fico e impresi\u00f3n de todo tipo de folletos\u00a0promocionales, revistas corporativas, boletines,\u00a0afiches, libros y todo tipo de material promocional\u00a0publicitario.&hellip;<\/p>\n","protected":false},"author":1,"featured_media":0,"parent":0,"menu_order":0,"comment_status":"open","ping_status":"open","template":"","meta":{"footnotes":""},"class_list":["post-834","page","type-page","status-publish","hentry","entry","no-media"],"yoast_head":"<!-- This site is optimized with the Yoast SEO plugin v26.9 - https:\/\/yoast.com\/product\/yoast-seo-wordpress\/ -->\n<title>Producci\u00f3n Gr\u00e1fica - Cograf Comunicaciones<\/title>\n<meta name=\"robots\" content=\"index, follow, max-snippet:-1, max-image-preview:large, max-video-preview:-1\" \/>\n<link rel=\"canonical\" href=\"https:\/\/cograf.com\/site\/produccion-grafica\/\" \/>\n<meta property=\"og:locale\" content=\"es_ES\" \/>\n<meta property=\"og:type\" content=\"article\" \/>\n<meta property=\"og:title\" content=\"Producci\u00f3n Gr\u00e1fica - Cograf Comunicaciones\" \/>\n<meta property=\"og:description\" content=\"Ayudamos a nuestros clientes a resolver todos los aspectos relacionados con la producci\u00f3n de todo tipo publicaciones promocionales y publicitarias: \u2022 Dise\u00f1o gr\u00e1fico e impresi\u00f3n de todo tipo de folletos\u00a0promocionales, revistas corporativas, boletines,\u00a0afiches, libros y todo tipo de material promocional\u00a0publicitario.&hellip;\" \/>\n<meta property=\"og:url\" content=\"https:\/\/cograf.com\/site\/produccion-grafica\/\" \/>\n<meta property=\"og:site_name\" content=\"Cograf Comunicaciones\" \/>\n<meta property=\"article:modified_time\" content=\"2013-04-18T14:22:13+00:00\" \/>\n<meta name=\"twitter:card\" content=\"summary_large_image\" \/>\n<script type=\"application\/ld+json\" class=\"yoast-schema-graph\">{\"@context\":\"https:\/\/schema.org\",\"@graph\":[{\"@type\":\"WebPage\",\"@id\":\"https:\/\/cograf.com\/site\/produccion-grafica\/\",\"url\":\"https:\/\/cograf.com\/site\/produccion-grafica\/\",\"name\":\"Producci\u00f3n Gr\u00e1fica - Cograf Comunicaciones\",\"isPartOf\":{\"@id\":\"https:\/\/cograf.com\/site\/#website\"},\"datePublished\":\"2013-04-17T17:38:59+00:00\",\"dateModified\":\"2013-04-18T14:22:13+00:00\",\"breadcrumb\":{\"@id\":\"https:\/\/cograf.com\/site\/produccion-grafica\/#breadcrumb\"},\"inLanguage\":\"es\",\"potentialAction\":[{\"@type\":\"ReadAction\",\"target\":[\"https:\/\/cograf.com\/site\/produccion-grafica\/\"]}]},{\"@type\":\"BreadcrumbList\",\"@id\":\"https:\/\/cograf.com\/site\/produccion-grafica\/#breadcrumb\",\"itemListElement\":[{\"@type\":\"ListItem\",\"position\":1,\"name\":\"Portada\",\"item\":\"https:\/\/cograf.com\/site\/\"},{\"@type\":\"ListItem\",\"position\":2,\"name\":\"Producci\u00f3n Gr\u00e1fica\"}]},{\"@type\":\"WebSite\",\"@id\":\"https:\/\/cograf.com\/site\/#website\",\"url\":\"https:\/\/cograf.com\/site\/\",\"name\":\"Cograf Comunicaciones\",\"description\":\"Imagen de marcas\",\"publisher\":{\"@id\":\"https:\/\/cograf.com\/site\/#organization\"},\"potentialAction\":[{\"@type\":\"SearchAction\",\"target\":{\"@type\":\"EntryPoint\",\"urlTemplate\":\"https:\/\/cograf.com\/site\/?s={search_term_string}\"},\"query-input\":{\"@type\":\"PropertyValueSpecification\",\"valueRequired\":true,\"valueName\":\"search_term_string\"}}],\"inLanguage\":\"es\"},{\"@type\":\"Organization\",\"@id\":\"https:\/\/cograf.com\/site\/#organization\",\"name\":\"Cograf Comunicaciones\",\"url\":\"https:\/\/cograf.com\/site\/\",\"logo\":{\"@type\":\"ImageObject\",\"inLanguage\":\"es\",\"@id\":\"https:\/\/cograf.com\/site\/#\/schema\/logo\/image\/\",\"url\":\"https:\/\/cograf.com\/site\/wp-content\/uploads\/2020\/10\/logo_cograf_new.jpg\",\"contentUrl\":\"https:\/\/cograf.com\/site\/wp-content\/uploads\/2020\/10\/logo_cograf_new.jpg\",\"width\":501,\"height\":301,\"caption\":\"Cograf Comunicaciones\"},\"image\":{\"@id\":\"https:\/\/cograf.com\/site\/#\/schema\/logo\/image\/\"}}]}<\/script>\n<!-- \/ Yoast SEO plugin. -->","yoast_head_json":{"title":"Producci\u00f3n Gr\u00e1fica - Cograf Comunicaciones","robots":{"index":"index","follow":"follow","max-snippet":"max-snippet:-1","max-image-preview":"max-image-preview:large","max-video-preview":"max-video-preview:-1"},"canonical":"https:\/\/cograf.com\/site\/produccion-grafica\/","og_locale":"es_ES","og_type":"article","og_title":"Producci\u00f3n Gr\u00e1fica - Cograf Comunicaciones","og_description":"Ayudamos a nuestros clientes a resolver todos los aspectos relacionados con la producci\u00f3n de todo tipo publicaciones promocionales y publicitarias: \u2022 Dise\u00f1o gr\u00e1fico e impresi\u00f3n de todo tipo de folletos\u00a0promocionales, revistas corporativas, boletines,\u00a0afiches, libros y todo tipo de material promocional\u00a0publicitario.&hellip;","og_url":"https:\/\/cograf.com\/site\/produccion-grafica\/","og_site_name":"Cograf Comunicaciones","article_modified_time":"2013-04-18T14:22:13+00:00","twitter_card":"summary_large_image","schema":{"@context":"https:\/\/schema.org","@graph":[{"@type":"WebPage","@id":"https:\/\/cograf.com\/site\/produccion-grafica\/","url":"https:\/\/cograf.com\/site\/produccion-grafica\/","name":"Producci\u00f3n Gr\u00e1fica - Cograf Comunicaciones","isPartOf":{"@id":"https:\/\/cograf.com\/site\/#website"},"datePublished":"2013-04-17T17:38:59+00:00","dateModified":"2013-04-18T14:22:13+00:00","breadcrumb":{"@id":"https:\/\/cograf.com\/site\/produccion-grafica\/#breadcrumb"},"inLanguage":"es","potentialAction":[{"@type":"ReadAction","target":["https:\/\/cograf.com\/site\/produccion-grafica\/"]}]},{"@type":"BreadcrumbList","@id":"https:\/\/cograf.com\/site\/produccion-grafica\/#breadcrumb","itemListElement":[{"@type":"ListItem","position":1,"name":"Portada","item":"https:\/\/cograf.com\/site\/"},{"@type":"ListItem","position":2,"name":"Producci\u00f3n Gr\u00e1fica"}]},{"@type":"WebSite","@id":"https:\/\/cograf.com\/site\/#website","url":"https:\/\/cograf.com\/site\/","name":"Cograf Comunicaciones","description":"Imagen de marcas","publisher":{"@id":"https:\/\/cograf.com\/site\/#organization"},"potentialAction":[{"@type":"SearchAction","target":{"@type":"EntryPoint","urlTemplate":"https:\/\/cograf.com\/site\/?s={search_term_string}"},"query-input":{"@type":"PropertyValueSpecification","valueRequired":true,"valueName":"search_term_string"}}],"inLanguage":"es"},{"@type":"Organization","@id":"https:\/\/cograf.com\/site\/#organization","name":"Cograf Comunicaciones","url":"https:\/\/cograf.com\/site\/","logo":{"@type":"ImageObject","inLanguage":"es","@id":"https:\/\/cograf.com\/site\/#\/schema\/logo\/image\/","url":"https:\/\/cograf.com\/site\/wp-content\/uploads\/2020\/10\/logo_cograf_new.jpg","contentUrl":"https:\/\/cograf.com\/site\/wp-content\/uploads\/2020\/10\/logo_cograf_new.jpg","width":501,"height":301,"caption":"Cograf Comunicaciones"},"image":{"@id":"https:\/\/cograf.com\/site\/#\/schema\/logo\/image\/"}}]}},"_links":{"self":[{"href":"https:\/\/cograf.com\/site\/wp-json\/wp\/v2\/pages\/834","targetHints":{"allow":["GET"]}}],"collection":[{"href":"https:\/\/cograf.com\/site\/wp-json\/wp\/v2\/pages"}],"about":[{"href":"https:\/\/cograf.com\/site\/wp-json\/wp\/v2\/types\/page"}],"author":[{"embeddable":true,"href":"https:\/\/cograf.com\/site\/wp-json\/wp\/v2\/users\/1"}],"replies":[{"embeddable":true,"href":"https:\/\/cograf.com\/site\/wp-json\/wp\/v2\/comments?post=834"}],"version-history":[{"count":0,"href":"https:\/\/cograf.com\/site\/wp-json\/wp\/v2\/pages\/834\/revisions"}],"wp:attachment":[{"href":"https:\/\/cograf.com\/site\/wp-json\/wp\/v2\/media?parent=834"}],"curies":[{"name":"wp","href":"https:\/\/api.w.org\/{rel}","templated":true}]}}