{"id":2149,"date":"2014-01-17T10:36:41","date_gmt":"2014-01-17T15:06:41","guid":{"rendered":"https:\/\/cograf.com\/site\/?page_id=2149"},"modified":"2014-01-17T10:36:41","modified_gmt":"2014-01-17T15:06:41","slug":"el-humor-potencia-el-pensamiento-creativo","status":"publish","type":"page","link":"https:\/\/cograf.com\/site\/cultura-de-servicio\/lecturas-de-apoyo\/el-humor-potencia-el-pensamiento-creativo\/","title":{"rendered":"El humor potencia el pensamiento creativo"},"content":{"rendered":"<table style=\"width: 700px;\" border=\"0\">\n<tbody>\n<tr>\n<td valign=\"top\"><span style=\"font-family: verdana;\">El humor se construye sobre una bisociaci\u00f3n. Lo que se refiere a la capacidad de hacer que dos planos de pensamiento se crucen repentinamente de manera que el segundo cambie todo el significado del primero.<\/p>\n<p>De esta manera, el humor tiene una gran influencia en el pensamiento creativo, y algunas razones de ello son:<\/p>\n<p>&#8211; Los cambios repentinos de perspectiva mental que provoca el humor tambi\u00e9n est\u00e1n presentes en la creatividad.<\/p>\n<p>&#8211; La risa te carga de adrenalina y activa las neuronas.<\/p>\n<p>&#8211; El juego es una forma de practicar, ensayar y estimular. Siempre debemos tener presente que es muy probable que se termine desistiendo de algo que no se disfruta.<\/p>\n<p>&#8211; Jugar y estimular es la manera m\u00e1s barata y r\u00e1pida de cometer todos los errores que se necesitan para aprender algo.<\/p>\n<p>&#8211; El humor fomenta la espontaneidad y \u00e9sta es una forma de cr\u00edtica que desarma.<\/p>\n<p>&#8211; El humor, y especialmente la s\u00e1tira, hace mella en la pomposidad y socava las bases de las creencias y las posturas convencionales.<\/p>\n<p>&#8211; El humor celebra un punto de vista nuevo que interrumpe el discurso convencional y se burla de \u00e9l.<\/p>\n<p>Adem\u00e1s, son tantos los errores que cometer\u00e1s en tus primeros intentos de crear que, ya cometidos, es mejor re\u00edrte a gusto de ellos.\u00a0<\/p>\n<p>Si quieres saber m\u00e1s sobre el papel que puede desempe\u00f1ar el humor en el pensamiento creativo, consulta el libro de Fons Trompenaars y Charles Hampden-Turner,\u00a0<a href=\"http:\/\/bit.ly\/9eiRb5\" target=\"_blank\">Innovaci\u00f3n en tiempos de crisis<\/a>.<\/span><\/td>\n<\/tr>\n<\/tbody>\n<\/table>\n","protected":false},"excerpt":{"rendered":"<p>El humor se construye sobre una bisociaci\u00f3n. Lo que se refiere a la capacidad de hacer que dos planos de pensamiento se crucen repentinamente de manera que el segundo cambie todo el significado del primero. De esta manera, el humor&hellip;<\/p>\n","protected":false},"author":1,"featured_media":0,"parent":1841,"menu_order":0,"comment_status":"open","ping_status":"open","template":"","meta":{"footnotes":""},"class_list":["post-2149","page","type-page","status-publish","hentry","entry","no-media"],"yoast_head":"<!-- This site is optimized with the Yoast SEO plugin v26.9 - https:\/\/yoast.com\/product\/yoast-seo-wordpress\/ -->\n<title>El humor potencia el pensamiento creativo - Cograf Comunicaciones<\/title>\n<meta name=\"robots\" content=\"index, follow, max-snippet:-1, max-image-preview:large, max-video-preview:-1\" \/>\n<link rel=\"canonical\" href=\"https:\/\/cograf.com\/site\/cultura-de-servicio\/lecturas-de-apoyo\/el-humor-potencia-el-pensamiento-creativo\/\" \/>\n<meta property=\"og:locale\" content=\"es_ES\" \/>\n<meta property=\"og:type\" content=\"article\" \/>\n<meta property=\"og:title\" content=\"El humor potencia el pensamiento creativo - Cograf Comunicaciones\" \/>\n<meta property=\"og:description\" content=\"El humor se construye sobre una bisociaci\u00f3n. Lo que se refiere a la capacidad de hacer que dos planos de pensamiento se crucen repentinamente de manera que el segundo cambie todo el significado del primero. De esta manera, el humor&hellip;\" \/>\n<meta property=\"og:url\" content=\"https:\/\/cograf.com\/site\/cultura-de-servicio\/lecturas-de-apoyo\/el-humor-potencia-el-pensamiento-creativo\/\" \/>\n<meta property=\"og:site_name\" content=\"Cograf Comunicaciones\" \/>\n<meta name=\"twitter:card\" content=\"summary_large_image\" \/>\n<meta name=\"twitter:label1\" content=\"Tiempo de lectura\" \/>\n\t<meta name=\"twitter:data1\" content=\"1 minuto\" \/>\n<script type=\"application\/ld+json\" class=\"yoast-schema-graph\">{\"@context\":\"https:\/\/schema.org\",\"@graph\":[{\"@type\":\"WebPage\",\"@id\":\"https:\/\/cograf.com\/site\/cultura-de-servicio\/lecturas-de-apoyo\/el-humor-potencia-el-pensamiento-creativo\/\",\"url\":\"https:\/\/cograf.com\/site\/cultura-de-servicio\/lecturas-de-apoyo\/el-humor-potencia-el-pensamiento-creativo\/\",\"name\":\"El humor potencia el pensamiento creativo - Cograf Comunicaciones\",\"isPartOf\":{\"@id\":\"https:\/\/cograf.com\/site\/#website\"},\"datePublished\":\"2014-01-17T15:06:41+00:00\",\"breadcrumb\":{\"@id\":\"https:\/\/cograf.com\/site\/cultura-de-servicio\/lecturas-de-apoyo\/el-humor-potencia-el-pensamiento-creativo\/#breadcrumb\"},\"inLanguage\":\"es\",\"potentialAction\":[{\"@type\":\"ReadAction\",\"target\":[\"https:\/\/cograf.com\/site\/cultura-de-servicio\/lecturas-de-apoyo\/el-humor-potencia-el-pensamiento-creativo\/\"]}]},{\"@type\":\"BreadcrumbList\",\"@id\":\"https:\/\/cograf.com\/site\/cultura-de-servicio\/lecturas-de-apoyo\/el-humor-potencia-el-pensamiento-creativo\/#breadcrumb\",\"itemListElement\":[{\"@type\":\"ListItem\",\"position\":1,\"name\":\"Portada\",\"item\":\"https:\/\/cograf.com\/site\/\"},{\"@type\":\"ListItem\",\"position\":2,\"name\":\"Cultura de Servicio\",\"item\":\"https:\/\/cograf.com\/site\/cultura-de-servicio\/\"},{\"@type\":\"ListItem\",\"position\":3,\"name\":\"Lecturas de apoyo\",\"item\":\"https:\/\/cograf.com\/site\/cultura-de-servicio\/lecturas-de-apoyo\/\"},{\"@type\":\"ListItem\",\"position\":4,\"name\":\"El humor potencia el pensamiento creativo\"}]},{\"@type\":\"WebSite\",\"@id\":\"https:\/\/cograf.com\/site\/#website\",\"url\":\"https:\/\/cograf.com\/site\/\",\"name\":\"Cograf Comunicaciones\",\"description\":\"Imagen de marcas\",\"publisher\":{\"@id\":\"https:\/\/cograf.com\/site\/#organization\"},\"potentialAction\":[{\"@type\":\"SearchAction\",\"target\":{\"@type\":\"EntryPoint\",\"urlTemplate\":\"https:\/\/cograf.com\/site\/?s={search_term_string}\"},\"query-input\":{\"@type\":\"PropertyValueSpecification\",\"valueRequired\":true,\"valueName\":\"search_term_string\"}}],\"inLanguage\":\"es\"},{\"@type\":\"Organization\",\"@id\":\"https:\/\/cograf.com\/site\/#organization\",\"name\":\"Cograf Comunicaciones\",\"url\":\"https:\/\/cograf.com\/site\/\",\"logo\":{\"@type\":\"ImageObject\",\"inLanguage\":\"es\",\"@id\":\"https:\/\/cograf.com\/site\/#\/schema\/logo\/image\/\",\"url\":\"https:\/\/cograf.com\/site\/wp-content\/uploads\/2020\/10\/logo_cograf_new.jpg\",\"contentUrl\":\"https:\/\/cograf.com\/site\/wp-content\/uploads\/2020\/10\/logo_cograf_new.jpg\",\"width\":501,\"height\":301,\"caption\":\"Cograf Comunicaciones\"},\"image\":{\"@id\":\"https:\/\/cograf.com\/site\/#\/schema\/logo\/image\/\"}}]}<\/script>\n<!-- \/ Yoast SEO plugin. -->","yoast_head_json":{"title":"El humor potencia el pensamiento creativo - Cograf Comunicaciones","robots":{"index":"index","follow":"follow","max-snippet":"max-snippet:-1","max-image-preview":"max-image-preview:large","max-video-preview":"max-video-preview:-1"},"canonical":"https:\/\/cograf.com\/site\/cultura-de-servicio\/lecturas-de-apoyo\/el-humor-potencia-el-pensamiento-creativo\/","og_locale":"es_ES","og_type":"article","og_title":"El humor potencia el pensamiento creativo - Cograf Comunicaciones","og_description":"El humor se construye sobre una bisociaci\u00f3n. Lo que se refiere a la capacidad de hacer que dos planos de pensamiento se crucen repentinamente de manera que el segundo cambie todo el significado del primero. De esta manera, el humor&hellip;","og_url":"https:\/\/cograf.com\/site\/cultura-de-servicio\/lecturas-de-apoyo\/el-humor-potencia-el-pensamiento-creativo\/","og_site_name":"Cograf Comunicaciones","twitter_card":"summary_large_image","twitter_misc":{"Tiempo de lectura":"1 minuto"},"schema":{"@context":"https:\/\/schema.org","@graph":[{"@type":"WebPage","@id":"https:\/\/cograf.com\/site\/cultura-de-servicio\/lecturas-de-apoyo\/el-humor-potencia-el-pensamiento-creativo\/","url":"https:\/\/cograf.com\/site\/cultura-de-servicio\/lecturas-de-apoyo\/el-humor-potencia-el-pensamiento-creativo\/","name":"El humor potencia el pensamiento creativo - Cograf Comunicaciones","isPartOf":{"@id":"https:\/\/cograf.com\/site\/#website"},"datePublished":"2014-01-17T15:06:41+00:00","breadcrumb":{"@id":"https:\/\/cograf.com\/site\/cultura-de-servicio\/lecturas-de-apoyo\/el-humor-potencia-el-pensamiento-creativo\/#breadcrumb"},"inLanguage":"es","potentialAction":[{"@type":"ReadAction","target":["https:\/\/cograf.com\/site\/cultura-de-servicio\/lecturas-de-apoyo\/el-humor-potencia-el-pensamiento-creativo\/"]}]},{"@type":"BreadcrumbList","@id":"https:\/\/cograf.com\/site\/cultura-de-servicio\/lecturas-de-apoyo\/el-humor-potencia-el-pensamiento-creativo\/#breadcrumb","itemListElement":[{"@type":"ListItem","position":1,"name":"Portada","item":"https:\/\/cograf.com\/site\/"},{"@type":"ListItem","position":2,"name":"Cultura de Servicio","item":"https:\/\/cograf.com\/site\/cultura-de-servicio\/"},{"@type":"ListItem","position":3,"name":"Lecturas de apoyo","item":"https:\/\/cograf.com\/site\/cultura-de-servicio\/lecturas-de-apoyo\/"},{"@type":"ListItem","position":4,"name":"El humor potencia el pensamiento creativo"}]},{"@type":"WebSite","@id":"https:\/\/cograf.com\/site\/#website","url":"https:\/\/cograf.com\/site\/","name":"Cograf Comunicaciones","description":"Imagen de marcas","publisher":{"@id":"https:\/\/cograf.com\/site\/#organization"},"potentialAction":[{"@type":"SearchAction","target":{"@type":"EntryPoint","urlTemplate":"https:\/\/cograf.com\/site\/?s={search_term_string}"},"query-input":{"@type":"PropertyValueSpecification","valueRequired":true,"valueName":"search_term_string"}}],"inLanguage":"es"},{"@type":"Organization","@id":"https:\/\/cograf.com\/site\/#organization","name":"Cograf Comunicaciones","url":"https:\/\/cograf.com\/site\/","logo":{"@type":"ImageObject","inLanguage":"es","@id":"https:\/\/cograf.com\/site\/#\/schema\/logo\/image\/","url":"https:\/\/cograf.com\/site\/wp-content\/uploads\/2020\/10\/logo_cograf_new.jpg","contentUrl":"https:\/\/cograf.com\/site\/wp-content\/uploads\/2020\/10\/logo_cograf_new.jpg","width":501,"height":301,"caption":"Cograf Comunicaciones"},"image":{"@id":"https:\/\/cograf.com\/site\/#\/schema\/logo\/image\/"}}]}},"_links":{"self":[{"href":"https:\/\/cograf.com\/site\/wp-json\/wp\/v2\/pages\/2149","targetHints":{"allow":["GET"]}}],"collection":[{"href":"https:\/\/cograf.com\/site\/wp-json\/wp\/v2\/pages"}],"about":[{"href":"https:\/\/cograf.com\/site\/wp-json\/wp\/v2\/types\/page"}],"author":[{"embeddable":true,"href":"https:\/\/cograf.com\/site\/wp-json\/wp\/v2\/users\/1"}],"replies":[{"embeddable":true,"href":"https:\/\/cograf.com\/site\/wp-json\/wp\/v2\/comments?post=2149"}],"version-history":[{"count":0,"href":"https:\/\/cograf.com\/site\/wp-json\/wp\/v2\/pages\/2149\/revisions"}],"up":[{"embeddable":true,"href":"https:\/\/cograf.com\/site\/wp-json\/wp\/v2\/pages\/1841"}],"wp:attachment":[{"href":"https:\/\/cograf.com\/site\/wp-json\/wp\/v2\/media?parent=2149"}],"curies":[{"name":"wp","href":"https:\/\/api.w.org\/{rel}","templated":true}]}}