{"id":2114,"date":"2014-01-16T14:30:42","date_gmt":"2014-01-16T19:00:42","guid":{"rendered":"https:\/\/cograf.com\/site\/?page_id=2114"},"modified":"2014-01-16T14:30:42","modified_gmt":"2014-01-16T19:00:42","slug":"ayer-fallecio-la-persona-que-impedia-tu-crecimiento","status":"publish","type":"page","link":"https:\/\/cograf.com\/site\/cultura-de-servicio\/lecturas-de-apoyo\/ayer-fallecio-la-persona-que-impedia-tu-crecimiento\/","title":{"rendered":"Ayer falleci\u00f3 la persona que imped\u00eda tu crecimiento"},"content":{"rendered":"<p>Un d\u00eda, cuando los empleados llegaron a trabajar, encontraron en la recepci\u00f3n un enorme letrero que dec\u00eda:<\/p>\n<p>\u00abAyer falleci\u00f3 la persona que imped\u00eda tu crecimiento en esta empresa. Te invitamos al velorio. Es en el almac\u00e9n\u00bb.<\/p>\n<p>Al principio todos entristecieron por la muerte de uno de sus compa\u00f1eros. Pero despu\u00e9s comenzaron a sentir curiosidad por saber qui\u00e9n era esa persona que estaba impidiendo el crecimiento de todos.\u00a0<\/p>\n<p>La agitaci\u00f3n en el \u00e1rea del velorio era tan grande que fue necesario llamar a los de seguridad para organizar la fila de visitantes.<\/p>\n<p>Conforme las personas iban acerc\u00e1ndose al ata\u00fad, la excitaci\u00f3n aumentaba: \u00bfQui\u00e9n ser\u00e1 el que estaba impidiendo mi progreso?&#8230; \u00a1Qu\u00e9 bueno que muri\u00f3 ese infeliz&#8230;\u00a0\u00a0\u00a0\u00a0\u00a0\u00a0<\/p>\n<p>Uno a uno, los empleados agitados se aproximaban al ata\u00fad, miraban al difunto y tragaban saliva.<\/p>\n<p>Se quedaban unos minutos en el m\u00e1s absoluto silencio,\u00a0como si les hubieran tocado lo m\u00e1s profundo del alma.<\/p>\n<p>Pues bien, en el fondo del ata\u00fad hab\u00eda un espejo: Cada uno se ve\u00eda a si mismo, con el siguiente letrero:\u00a0<\/p>\n<p>S\u00f3lo existe una persona capaz de limitar tu crecimiento: Tu.<\/p>\n<p>T\u00fa eres la \u00fanica persona que puede hacer mejoras en tu vida.\u00a0Es tu decisi\u00f3n.<\/p>\n<p>Tu eres la \u00fanica persona que puede perjudicar tu vida, y tu eres la \u00fanica persona que se puede ayudar a si mismo. La decisi\u00f3n es tuya.<\/p>\n<p>Tu vida no cambia cuando cambia tu jefe, cuando tus amigos cambian, cuando tus padres cambian, cuando tu pareja cambia.<\/p>\n<p>Tu vida comienza a cambiar cuando tu decides hacerlo. Es en tu decisi\u00f3n en donde est\u00e1 la diferencia.<\/p>\n<p>Tu eres el responsable: Puedes decidir ser indiferente o puedes decidir hacer mejoras.\u00a0\u00a0\u00a0<\/p>\n<p>El mundo es como un espejo que devuelve a cada persona el reflejo de sus propios pensamientos, de sus propios actos y de sus propias decisiones.<\/p>\n<p>No busques responsables a los lados. M\u00edra la imagen que se refleja en tu espejo.<span style=\"font-family: Verdana, Arial, Helvetica, sans-serif;\"><br \/><\/span><\/p>\n","protected":false},"excerpt":{"rendered":"<p>Un d\u00eda, cuando los empleados llegaron a trabajar, encontraron en la recepci\u00f3n un enorme letrero que dec\u00eda: \u00abAyer falleci\u00f3 la persona que imped\u00eda tu crecimiento en esta empresa. Te invitamos al velorio. Es en el almac\u00e9n\u00bb. Al principio todos entristecieron&hellip;<\/p>\n","protected":false},"author":1,"featured_media":0,"parent":1841,"menu_order":0,"comment_status":"open","ping_status":"open","template":"","meta":{"footnotes":""},"class_list":["post-2114","page","type-page","status-publish","hentry","entry","no-media"],"yoast_head":"<!-- This site is optimized with the Yoast SEO plugin v26.9 - https:\/\/yoast.com\/product\/yoast-seo-wordpress\/ -->\n<title>Ayer falleci\u00f3 la persona que imped\u00eda tu crecimiento - Cograf Comunicaciones<\/title>\n<meta name=\"robots\" content=\"index, follow, max-snippet:-1, max-image-preview:large, max-video-preview:-1\" \/>\n<link rel=\"canonical\" href=\"https:\/\/cograf.com\/site\/cultura-de-servicio\/lecturas-de-apoyo\/ayer-fallecio-la-persona-que-impedia-tu-crecimiento\/\" \/>\n<meta property=\"og:locale\" content=\"es_ES\" \/>\n<meta property=\"og:type\" content=\"article\" \/>\n<meta property=\"og:title\" content=\"Ayer falleci\u00f3 la persona que imped\u00eda tu crecimiento - Cograf Comunicaciones\" \/>\n<meta property=\"og:description\" content=\"Un d\u00eda, cuando los empleados llegaron a trabajar, encontraron en la recepci\u00f3n un enorme letrero que dec\u00eda: \u00abAyer falleci\u00f3 la persona que imped\u00eda tu crecimiento en esta empresa. Te invitamos al velorio. Es en el almac\u00e9n\u00bb. Al principio todos entristecieron&hellip;\" \/>\n<meta property=\"og:url\" content=\"https:\/\/cograf.com\/site\/cultura-de-servicio\/lecturas-de-apoyo\/ayer-fallecio-la-persona-que-impedia-tu-crecimiento\/\" \/>\n<meta property=\"og:site_name\" content=\"Cograf Comunicaciones\" \/>\n<meta name=\"twitter:card\" content=\"summary_large_image\" \/>\n<meta name=\"twitter:label1\" content=\"Tiempo de lectura\" \/>\n\t<meta name=\"twitter:data1\" content=\"2 minutos\" \/>\n<script type=\"application\/ld+json\" class=\"yoast-schema-graph\">{\"@context\":\"https:\/\/schema.org\",\"@graph\":[{\"@type\":\"WebPage\",\"@id\":\"https:\/\/cograf.com\/site\/cultura-de-servicio\/lecturas-de-apoyo\/ayer-fallecio-la-persona-que-impedia-tu-crecimiento\/\",\"url\":\"https:\/\/cograf.com\/site\/cultura-de-servicio\/lecturas-de-apoyo\/ayer-fallecio-la-persona-que-impedia-tu-crecimiento\/\",\"name\":\"Ayer falleci\u00f3 la persona que imped\u00eda tu crecimiento - Cograf Comunicaciones\",\"isPartOf\":{\"@id\":\"https:\/\/cograf.com\/site\/#website\"},\"datePublished\":\"2014-01-16T19:00:42+00:00\",\"breadcrumb\":{\"@id\":\"https:\/\/cograf.com\/site\/cultura-de-servicio\/lecturas-de-apoyo\/ayer-fallecio-la-persona-que-impedia-tu-crecimiento\/#breadcrumb\"},\"inLanguage\":\"es\",\"potentialAction\":[{\"@type\":\"ReadAction\",\"target\":[\"https:\/\/cograf.com\/site\/cultura-de-servicio\/lecturas-de-apoyo\/ayer-fallecio-la-persona-que-impedia-tu-crecimiento\/\"]}]},{\"@type\":\"BreadcrumbList\",\"@id\":\"https:\/\/cograf.com\/site\/cultura-de-servicio\/lecturas-de-apoyo\/ayer-fallecio-la-persona-que-impedia-tu-crecimiento\/#breadcrumb\",\"itemListElement\":[{\"@type\":\"ListItem\",\"position\":1,\"name\":\"Portada\",\"item\":\"https:\/\/cograf.com\/site\/\"},{\"@type\":\"ListItem\",\"position\":2,\"name\":\"Cultura de Servicio\",\"item\":\"https:\/\/cograf.com\/site\/cultura-de-servicio\/\"},{\"@type\":\"ListItem\",\"position\":3,\"name\":\"Lecturas de apoyo\",\"item\":\"https:\/\/cograf.com\/site\/cultura-de-servicio\/lecturas-de-apoyo\/\"},{\"@type\":\"ListItem\",\"position\":4,\"name\":\"Ayer falleci\u00f3 la persona que imped\u00eda tu crecimiento\"}]},{\"@type\":\"WebSite\",\"@id\":\"https:\/\/cograf.com\/site\/#website\",\"url\":\"https:\/\/cograf.com\/site\/\",\"name\":\"Cograf Comunicaciones\",\"description\":\"Imagen de marcas\",\"publisher\":{\"@id\":\"https:\/\/cograf.com\/site\/#organization\"},\"potentialAction\":[{\"@type\":\"SearchAction\",\"target\":{\"@type\":\"EntryPoint\",\"urlTemplate\":\"https:\/\/cograf.com\/site\/?s={search_term_string}\"},\"query-input\":{\"@type\":\"PropertyValueSpecification\",\"valueRequired\":true,\"valueName\":\"search_term_string\"}}],\"inLanguage\":\"es\"},{\"@type\":\"Organization\",\"@id\":\"https:\/\/cograf.com\/site\/#organization\",\"name\":\"Cograf Comunicaciones\",\"url\":\"https:\/\/cograf.com\/site\/\",\"logo\":{\"@type\":\"ImageObject\",\"inLanguage\":\"es\",\"@id\":\"https:\/\/cograf.com\/site\/#\/schema\/logo\/image\/\",\"url\":\"https:\/\/cograf.com\/site\/wp-content\/uploads\/2020\/10\/logo_cograf_new.jpg\",\"contentUrl\":\"https:\/\/cograf.com\/site\/wp-content\/uploads\/2020\/10\/logo_cograf_new.jpg\",\"width\":501,\"height\":301,\"caption\":\"Cograf Comunicaciones\"},\"image\":{\"@id\":\"https:\/\/cograf.com\/site\/#\/schema\/logo\/image\/\"}}]}<\/script>\n<!-- \/ Yoast SEO plugin. -->","yoast_head_json":{"title":"Ayer falleci\u00f3 la persona que imped\u00eda tu crecimiento - Cograf Comunicaciones","robots":{"index":"index","follow":"follow","max-snippet":"max-snippet:-1","max-image-preview":"max-image-preview:large","max-video-preview":"max-video-preview:-1"},"canonical":"https:\/\/cograf.com\/site\/cultura-de-servicio\/lecturas-de-apoyo\/ayer-fallecio-la-persona-que-impedia-tu-crecimiento\/","og_locale":"es_ES","og_type":"article","og_title":"Ayer falleci\u00f3 la persona que imped\u00eda tu crecimiento - Cograf Comunicaciones","og_description":"Un d\u00eda, cuando los empleados llegaron a trabajar, encontraron en la recepci\u00f3n un enorme letrero que dec\u00eda: \u00abAyer falleci\u00f3 la persona que imped\u00eda tu crecimiento en esta empresa. Te invitamos al velorio. Es en el almac\u00e9n\u00bb. Al principio todos entristecieron&hellip;","og_url":"https:\/\/cograf.com\/site\/cultura-de-servicio\/lecturas-de-apoyo\/ayer-fallecio-la-persona-que-impedia-tu-crecimiento\/","og_site_name":"Cograf Comunicaciones","twitter_card":"summary_large_image","twitter_misc":{"Tiempo de lectura":"2 minutos"},"schema":{"@context":"https:\/\/schema.org","@graph":[{"@type":"WebPage","@id":"https:\/\/cograf.com\/site\/cultura-de-servicio\/lecturas-de-apoyo\/ayer-fallecio-la-persona-que-impedia-tu-crecimiento\/","url":"https:\/\/cograf.com\/site\/cultura-de-servicio\/lecturas-de-apoyo\/ayer-fallecio-la-persona-que-impedia-tu-crecimiento\/","name":"Ayer falleci\u00f3 la persona que imped\u00eda tu crecimiento - Cograf Comunicaciones","isPartOf":{"@id":"https:\/\/cograf.com\/site\/#website"},"datePublished":"2014-01-16T19:00:42+00:00","breadcrumb":{"@id":"https:\/\/cograf.com\/site\/cultura-de-servicio\/lecturas-de-apoyo\/ayer-fallecio-la-persona-que-impedia-tu-crecimiento\/#breadcrumb"},"inLanguage":"es","potentialAction":[{"@type":"ReadAction","target":["https:\/\/cograf.com\/site\/cultura-de-servicio\/lecturas-de-apoyo\/ayer-fallecio-la-persona-que-impedia-tu-crecimiento\/"]}]},{"@type":"BreadcrumbList","@id":"https:\/\/cograf.com\/site\/cultura-de-servicio\/lecturas-de-apoyo\/ayer-fallecio-la-persona-que-impedia-tu-crecimiento\/#breadcrumb","itemListElement":[{"@type":"ListItem","position":1,"name":"Portada","item":"https:\/\/cograf.com\/site\/"},{"@type":"ListItem","position":2,"name":"Cultura de Servicio","item":"https:\/\/cograf.com\/site\/cultura-de-servicio\/"},{"@type":"ListItem","position":3,"name":"Lecturas de apoyo","item":"https:\/\/cograf.com\/site\/cultura-de-servicio\/lecturas-de-apoyo\/"},{"@type":"ListItem","position":4,"name":"Ayer falleci\u00f3 la persona que imped\u00eda tu crecimiento"}]},{"@type":"WebSite","@id":"https:\/\/cograf.com\/site\/#website","url":"https:\/\/cograf.com\/site\/","name":"Cograf Comunicaciones","description":"Imagen de marcas","publisher":{"@id":"https:\/\/cograf.com\/site\/#organization"},"potentialAction":[{"@type":"SearchAction","target":{"@type":"EntryPoint","urlTemplate":"https:\/\/cograf.com\/site\/?s={search_term_string}"},"query-input":{"@type":"PropertyValueSpecification","valueRequired":true,"valueName":"search_term_string"}}],"inLanguage":"es"},{"@type":"Organization","@id":"https:\/\/cograf.com\/site\/#organization","name":"Cograf Comunicaciones","url":"https:\/\/cograf.com\/site\/","logo":{"@type":"ImageObject","inLanguage":"es","@id":"https:\/\/cograf.com\/site\/#\/schema\/logo\/image\/","url":"https:\/\/cograf.com\/site\/wp-content\/uploads\/2020\/10\/logo_cograf_new.jpg","contentUrl":"https:\/\/cograf.com\/site\/wp-content\/uploads\/2020\/10\/logo_cograf_new.jpg","width":501,"height":301,"caption":"Cograf Comunicaciones"},"image":{"@id":"https:\/\/cograf.com\/site\/#\/schema\/logo\/image\/"}}]}},"_links":{"self":[{"href":"https:\/\/cograf.com\/site\/wp-json\/wp\/v2\/pages\/2114","targetHints":{"allow":["GET"]}}],"collection":[{"href":"https:\/\/cograf.com\/site\/wp-json\/wp\/v2\/pages"}],"about":[{"href":"https:\/\/cograf.com\/site\/wp-json\/wp\/v2\/types\/page"}],"author":[{"embeddable":true,"href":"https:\/\/cograf.com\/site\/wp-json\/wp\/v2\/users\/1"}],"replies":[{"embeddable":true,"href":"https:\/\/cograf.com\/site\/wp-json\/wp\/v2\/comments?post=2114"}],"version-history":[{"count":0,"href":"https:\/\/cograf.com\/site\/wp-json\/wp\/v2\/pages\/2114\/revisions"}],"up":[{"embeddable":true,"href":"https:\/\/cograf.com\/site\/wp-json\/wp\/v2\/pages\/1841"}],"wp:attachment":[{"href":"https:\/\/cograf.com\/site\/wp-json\/wp\/v2\/media?parent=2114"}],"curies":[{"name":"wp","href":"https:\/\/api.w.org\/{rel}","templated":true}]}}