{"id":2101,"date":"2014-01-16T12:05:39","date_gmt":"2014-01-16T16:35:39","guid":{"rendered":"https:\/\/cograf.com\/site\/?page_id=2101"},"modified":"2014-01-16T12:10:52","modified_gmt":"2014-01-16T16:40:52","slug":"fabula-de-la-hormiga-productiva","status":"publish","type":"page","link":"https:\/\/cograf.com\/site\/cultura-de-servicio\/lecturas-de-apoyo\/fabula-de-la-hormiga-productiva\/","title":{"rendered":"F\u00e1bula de la hormiga productiva"},"content":{"rendered":"<p><span style=\"font-family: Verdana, Arial, Helvetica, sans-serif;\">Todos los d\u00edas, muy temprano, llegaba a su empresa la HORMIGA productiva y feliz. All\u00ed pasaba sus d\u00edas, trabajando y tarareando una antigua canci\u00f3n de amor.<\/span><\/p>\n<p><span style=\"font-family: Verdana, Arial, Helvetica, sans-serif;\">Ella era productiva y feliz, pero (\u00a1ay!) no era supervisada.<\/span><\/p>\n<p><span style=\"font-family: Verdana, Arial, Helvetica, sans-serif;\">El ABEJORRO, Gerente General, consider\u00f3 que esa falta de supervisi\u00f3n no estaba bien. As\u00ed que se cre\u00f3 el puesto de Supervisor, para el cual contrataron a un ESCARABAJO con mucha experiencia.<\/span><\/p>\n<p><span style=\"font-family: Verdana, Arial, Helvetica, sans-serif;\">La primera preocupaci\u00f3n del ESCARABAJO Supervisor fue organizar la hora de llegada y de salida. Tambi\u00e9n prepar\u00f3 hermosos informes.<\/span><\/p>\n<p><span style=\"font-family: Verdana, Arial, Helvetica, sans-serif;\">Pronto fue necesario contar con una Secretaria para que ayudara a preparar los informes. As\u00ed que contrataron una ARA\u00d1ITA que organiz\u00f3 los archivos y se encarg\u00f3 del tel\u00e9fono.<\/span><\/p>\n<p><span style=\"font-family: Verdana, Arial, Helvetica, sans-serif;\">Mientras tanto, la HORMIGA productiva y feliz trabajaba y trabajaba&#8230;<\/span><\/p>\n<p><span style=\"font-family: Verdana, Arial, Helvetica, sans-serif;\">El ABEJORRO Gerente General estaba encantado con los informes del ESCARABAJO Supervisor. Entonces le pidi\u00f3 cuadros comparativos y gr\u00e1ficos, indicadores de gesti\u00f3n y an\u00e1lisis de tendencias.<\/span><\/p>\n<p><span style=\"font-family: Verdana, Arial, Helvetica, sans-serif;\">Entonces fue necesario contratar una CUCARACHA Ayudante para el Supervisor.<\/span><\/p>\n<p><span style=\"font-family: Verdana, Arial, Helvetica, sans-serif;\">&#8230;Y fue indispensable un nuevo ordenador con impresora a color.<\/span><\/p>\n<p><span style=\"font-family: Verdana, Arial, Helvetica, sans-serif;\">Pronto la hormiga productiva y feliz dej\u00f3 de tararear sus melod\u00edas y comenz\u00f3 a quejarse de todo el papeleo que ahora deb\u00eda hacer.<\/span><\/p>\n<p><span style=\"font-family: Verdana, Arial, Helvetica, sans-serif;\">El ABEJORRO Gerente General, entonces consider\u00f3 que era momento de adoptar medidas.<\/span><\/p>\n<p><span style=\"font-family: Verdana, Arial, Helvetica, sans-serif;\">As\u00ed crearon el cargo de Gerente del \u00c1rea donde trabajaba la hormiga productiva y feliz. El cargo fue para una CIGARRA que alfombr\u00f3 su oficina e hizo adquirir un sill\u00f3n especial.<\/span><\/p>\n<p><span style=\"font-family: Verdana, Arial, Helvetica, sans-serif;\">El nuevo Gerente del \u00c1rea -claro est\u00e1- necesit\u00f3 un nuevo ordenador.<\/span><\/p>\n<p><span style=\"font-family: Verdana, Arial, Helvetica, sans-serif;\">&#8230;Y cuando se tiene m\u00e1s de un ordenador hay que tener una red local.<\/span><\/p>\n<p><span style=\"font-family: Verdana, Arial, Helvetica, sans-serif;\">El nuevo Gerente pronto necesit\u00f3 un Asistente (que hab\u00eda sido su ayudante en la empresa anterior), para que le ayudara a preparar el plan estrat\u00e9gico y el presupuesto para el \u00e1rea donde trabajaba la hormiga productiva y feliz.<\/span><\/p>\n<p><span style=\"font-family: Verdana, Arial, Helvetica, sans-serif;\">La HORMIGA hab\u00eda dejado de tararear sus viejas melod\u00edas y cada vez se le notaba m\u00e1s irritada.<\/span><\/p>\n<p><span style=\"font-family: Verdana, Arial, Helvetica, sans-serif;\"><i>\u00abVamos a tener que contratar un estudio de clima laboral un d\u00eda de estos\u00bb,<\/i>\u00a0dijo la CIGARRA.<\/span><\/p>\n<p><span style=\"font-family: Verdana, Arial, Helvetica, sans-serif;\">Pero un d\u00eda el Gerente General, al revisar las cifras, se dio cuenta que la unidad de negocios (donde trabajaba la HORMIGA productiva y feliz) ya no era tan rentable como antes.<\/span><\/p>\n<p><span style=\"font-family: Verdana, Arial, Helvetica, sans-serif;\">As\u00ed que contrat\u00f3 al B\u00daHO, prestigioso Consultor, para que hiciera un diagn\u00f3stico.<\/span><\/p>\n<p><span style=\"font-family: Verdana, Arial, Helvetica, sans-serif;\">El B\u00daHO estuvo tres meses en la empresa y pronto emiti\u00f3 un sesudo informe: \u00ab<i>Hay demasiada gente en este departamento.\u00bb<\/i><\/span><\/p>\n<p><span style=\"font-family: Verdana, Arial, Helvetica, sans-serif;\">As\u00ed, el Gerente General sigui\u00f3 el consejo del Consultor y&#8230; \u00a1Despidi\u00f3 a la HORMIGA productiva y feliz!<\/span><\/p>\n<p><b><span style=\"font-family: Verdana, Arial, Helvetica, sans-serif;\">Moralejas:\u00a0<\/span><\/b><\/p>\n<p><span style=\"font-family: Verdana, Arial, Helvetica, sans-serif;\">* Ciertos prejuicios culturales dificultan ver con buenos ojos que la HORMIGA haga su trabajo simult\u00e1neamente de manera productiva y feliz.<\/span><\/p>\n<p><span style=\"font-family: Verdana, Arial, Helvetica, sans-serif;\">* Muchos gerentes tienden a ver la felicidad de sus trabajadores como un signo de falta de productividad. Les preocupa mucho la necesidad de trabajar \u00abseriamente\u00bb.<\/span><\/p>\n<p><span style=\"font-family: Verdana, Arial, Helvetica, sans-serif;\">* Si no contemplan en alguna la participaci\u00f3n de los trabajadores en procesos de planificaci\u00f3n, las organizaciones pueden crear burocracias innecesarias.<\/span><\/p>\n","protected":false},"excerpt":{"rendered":"<p>Todos los d\u00edas, muy temprano, llegaba a su empresa la HORMIGA productiva y feliz. All\u00ed pasaba sus d\u00edas, trabajando y tarareando una antigua canci\u00f3n de amor. Ella era productiva y feliz, pero (\u00a1ay!) no era supervisada. El ABEJORRO, Gerente General,&hellip;<\/p>\n","protected":false},"author":1,"featured_media":0,"parent":1841,"menu_order":0,"comment_status":"open","ping_status":"open","template":"","meta":{"footnotes":""},"class_list":["post-2101","page","type-page","status-publish","hentry","entry","no-media"],"yoast_head":"<!-- This site is optimized with the Yoast SEO plugin v26.9 - https:\/\/yoast.com\/product\/yoast-seo-wordpress\/ -->\n<title>F\u00e1bula de la hormiga productiva - Cograf Comunicaciones<\/title>\n<meta name=\"robots\" content=\"index, follow, max-snippet:-1, max-image-preview:large, max-video-preview:-1\" \/>\n<link rel=\"canonical\" href=\"https:\/\/cograf.com\/site\/cultura-de-servicio\/lecturas-de-apoyo\/fabula-de-la-hormiga-productiva\/\" \/>\n<meta property=\"og:locale\" content=\"es_ES\" \/>\n<meta property=\"og:type\" content=\"article\" \/>\n<meta property=\"og:title\" content=\"F\u00e1bula de la hormiga productiva - Cograf Comunicaciones\" \/>\n<meta property=\"og:description\" content=\"Todos los d\u00edas, muy temprano, llegaba a su empresa la HORMIGA productiva y feliz. All\u00ed pasaba sus d\u00edas, trabajando y tarareando una antigua canci\u00f3n de amor. Ella era productiva y feliz, pero (\u00a1ay!) no era supervisada. El ABEJORRO, Gerente General,&hellip;\" \/>\n<meta property=\"og:url\" content=\"https:\/\/cograf.com\/site\/cultura-de-servicio\/lecturas-de-apoyo\/fabula-de-la-hormiga-productiva\/\" \/>\n<meta property=\"og:site_name\" content=\"Cograf Comunicaciones\" \/>\n<meta property=\"article:modified_time\" content=\"2014-01-16T16:40:52+00:00\" \/>\n<meta name=\"twitter:card\" content=\"summary_large_image\" \/>\n<meta name=\"twitter:label1\" content=\"Tiempo de lectura\" \/>\n\t<meta name=\"twitter:data1\" content=\"3 minutos\" \/>\n<script type=\"application\/ld+json\" class=\"yoast-schema-graph\">{\"@context\":\"https:\/\/schema.org\",\"@graph\":[{\"@type\":\"WebPage\",\"@id\":\"https:\/\/cograf.com\/site\/cultura-de-servicio\/lecturas-de-apoyo\/fabula-de-la-hormiga-productiva\/\",\"url\":\"https:\/\/cograf.com\/site\/cultura-de-servicio\/lecturas-de-apoyo\/fabula-de-la-hormiga-productiva\/\",\"name\":\"F\u00e1bula de la hormiga productiva - Cograf Comunicaciones\",\"isPartOf\":{\"@id\":\"https:\/\/cograf.com\/site\/#website\"},\"datePublished\":\"2014-01-16T16:35:39+00:00\",\"dateModified\":\"2014-01-16T16:40:52+00:00\",\"breadcrumb\":{\"@id\":\"https:\/\/cograf.com\/site\/cultura-de-servicio\/lecturas-de-apoyo\/fabula-de-la-hormiga-productiva\/#breadcrumb\"},\"inLanguage\":\"es\",\"potentialAction\":[{\"@type\":\"ReadAction\",\"target\":[\"https:\/\/cograf.com\/site\/cultura-de-servicio\/lecturas-de-apoyo\/fabula-de-la-hormiga-productiva\/\"]}]},{\"@type\":\"BreadcrumbList\",\"@id\":\"https:\/\/cograf.com\/site\/cultura-de-servicio\/lecturas-de-apoyo\/fabula-de-la-hormiga-productiva\/#breadcrumb\",\"itemListElement\":[{\"@type\":\"ListItem\",\"position\":1,\"name\":\"Portada\",\"item\":\"https:\/\/cograf.com\/site\/\"},{\"@type\":\"ListItem\",\"position\":2,\"name\":\"Cultura de Servicio\",\"item\":\"https:\/\/cograf.com\/site\/cultura-de-servicio\/\"},{\"@type\":\"ListItem\",\"position\":3,\"name\":\"Lecturas de apoyo\",\"item\":\"https:\/\/cograf.com\/site\/cultura-de-servicio\/lecturas-de-apoyo\/\"},{\"@type\":\"ListItem\",\"position\":4,\"name\":\"F\u00e1bula de la hormiga productiva\"}]},{\"@type\":\"WebSite\",\"@id\":\"https:\/\/cograf.com\/site\/#website\",\"url\":\"https:\/\/cograf.com\/site\/\",\"name\":\"Cograf Comunicaciones\",\"description\":\"Imagen de marcas\",\"publisher\":{\"@id\":\"https:\/\/cograf.com\/site\/#organization\"},\"potentialAction\":[{\"@type\":\"SearchAction\",\"target\":{\"@type\":\"EntryPoint\",\"urlTemplate\":\"https:\/\/cograf.com\/site\/?s={search_term_string}\"},\"query-input\":{\"@type\":\"PropertyValueSpecification\",\"valueRequired\":true,\"valueName\":\"search_term_string\"}}],\"inLanguage\":\"es\"},{\"@type\":\"Organization\",\"@id\":\"https:\/\/cograf.com\/site\/#organization\",\"name\":\"Cograf Comunicaciones\",\"url\":\"https:\/\/cograf.com\/site\/\",\"logo\":{\"@type\":\"ImageObject\",\"inLanguage\":\"es\",\"@id\":\"https:\/\/cograf.com\/site\/#\/schema\/logo\/image\/\",\"url\":\"https:\/\/cograf.com\/site\/wp-content\/uploads\/2020\/10\/logo_cograf_new.jpg\",\"contentUrl\":\"https:\/\/cograf.com\/site\/wp-content\/uploads\/2020\/10\/logo_cograf_new.jpg\",\"width\":501,\"height\":301,\"caption\":\"Cograf Comunicaciones\"},\"image\":{\"@id\":\"https:\/\/cograf.com\/site\/#\/schema\/logo\/image\/\"}}]}<\/script>\n<!-- \/ Yoast SEO plugin. -->","yoast_head_json":{"title":"F\u00e1bula de la hormiga productiva - Cograf Comunicaciones","robots":{"index":"index","follow":"follow","max-snippet":"max-snippet:-1","max-image-preview":"max-image-preview:large","max-video-preview":"max-video-preview:-1"},"canonical":"https:\/\/cograf.com\/site\/cultura-de-servicio\/lecturas-de-apoyo\/fabula-de-la-hormiga-productiva\/","og_locale":"es_ES","og_type":"article","og_title":"F\u00e1bula de la hormiga productiva - Cograf Comunicaciones","og_description":"Todos los d\u00edas, muy temprano, llegaba a su empresa la HORMIGA productiva y feliz. All\u00ed pasaba sus d\u00edas, trabajando y tarareando una antigua canci\u00f3n de amor. Ella era productiva y feliz, pero (\u00a1ay!) no era supervisada. El ABEJORRO, Gerente General,&hellip;","og_url":"https:\/\/cograf.com\/site\/cultura-de-servicio\/lecturas-de-apoyo\/fabula-de-la-hormiga-productiva\/","og_site_name":"Cograf Comunicaciones","article_modified_time":"2014-01-16T16:40:52+00:00","twitter_card":"summary_large_image","twitter_misc":{"Tiempo de lectura":"3 minutos"},"schema":{"@context":"https:\/\/schema.org","@graph":[{"@type":"WebPage","@id":"https:\/\/cograf.com\/site\/cultura-de-servicio\/lecturas-de-apoyo\/fabula-de-la-hormiga-productiva\/","url":"https:\/\/cograf.com\/site\/cultura-de-servicio\/lecturas-de-apoyo\/fabula-de-la-hormiga-productiva\/","name":"F\u00e1bula de la hormiga productiva - Cograf Comunicaciones","isPartOf":{"@id":"https:\/\/cograf.com\/site\/#website"},"datePublished":"2014-01-16T16:35:39+00:00","dateModified":"2014-01-16T16:40:52+00:00","breadcrumb":{"@id":"https:\/\/cograf.com\/site\/cultura-de-servicio\/lecturas-de-apoyo\/fabula-de-la-hormiga-productiva\/#breadcrumb"},"inLanguage":"es","potentialAction":[{"@type":"ReadAction","target":["https:\/\/cograf.com\/site\/cultura-de-servicio\/lecturas-de-apoyo\/fabula-de-la-hormiga-productiva\/"]}]},{"@type":"BreadcrumbList","@id":"https:\/\/cograf.com\/site\/cultura-de-servicio\/lecturas-de-apoyo\/fabula-de-la-hormiga-productiva\/#breadcrumb","itemListElement":[{"@type":"ListItem","position":1,"name":"Portada","item":"https:\/\/cograf.com\/site\/"},{"@type":"ListItem","position":2,"name":"Cultura de Servicio","item":"https:\/\/cograf.com\/site\/cultura-de-servicio\/"},{"@type":"ListItem","position":3,"name":"Lecturas de apoyo","item":"https:\/\/cograf.com\/site\/cultura-de-servicio\/lecturas-de-apoyo\/"},{"@type":"ListItem","position":4,"name":"F\u00e1bula de la hormiga productiva"}]},{"@type":"WebSite","@id":"https:\/\/cograf.com\/site\/#website","url":"https:\/\/cograf.com\/site\/","name":"Cograf Comunicaciones","description":"Imagen de marcas","publisher":{"@id":"https:\/\/cograf.com\/site\/#organization"},"potentialAction":[{"@type":"SearchAction","target":{"@type":"EntryPoint","urlTemplate":"https:\/\/cograf.com\/site\/?s={search_term_string}"},"query-input":{"@type":"PropertyValueSpecification","valueRequired":true,"valueName":"search_term_string"}}],"inLanguage":"es"},{"@type":"Organization","@id":"https:\/\/cograf.com\/site\/#organization","name":"Cograf Comunicaciones","url":"https:\/\/cograf.com\/site\/","logo":{"@type":"ImageObject","inLanguage":"es","@id":"https:\/\/cograf.com\/site\/#\/schema\/logo\/image\/","url":"https:\/\/cograf.com\/site\/wp-content\/uploads\/2020\/10\/logo_cograf_new.jpg","contentUrl":"https:\/\/cograf.com\/site\/wp-content\/uploads\/2020\/10\/logo_cograf_new.jpg","width":501,"height":301,"caption":"Cograf Comunicaciones"},"image":{"@id":"https:\/\/cograf.com\/site\/#\/schema\/logo\/image\/"}}]}},"_links":{"self":[{"href":"https:\/\/cograf.com\/site\/wp-json\/wp\/v2\/pages\/2101","targetHints":{"allow":["GET"]}}],"collection":[{"href":"https:\/\/cograf.com\/site\/wp-json\/wp\/v2\/pages"}],"about":[{"href":"https:\/\/cograf.com\/site\/wp-json\/wp\/v2\/types\/page"}],"author":[{"embeddable":true,"href":"https:\/\/cograf.com\/site\/wp-json\/wp\/v2\/users\/1"}],"replies":[{"embeddable":true,"href":"https:\/\/cograf.com\/site\/wp-json\/wp\/v2\/comments?post=2101"}],"version-history":[{"count":0,"href":"https:\/\/cograf.com\/site\/wp-json\/wp\/v2\/pages\/2101\/revisions"}],"up":[{"embeddable":true,"href":"https:\/\/cograf.com\/site\/wp-json\/wp\/v2\/pages\/1841"}],"wp:attachment":[{"href":"https:\/\/cograf.com\/site\/wp-json\/wp\/v2\/media?parent=2101"}],"curies":[{"name":"wp","href":"https:\/\/api.w.org\/{rel}","templated":true}]}}