{"id":2067,"date":"2014-01-16T11:26:52","date_gmt":"2014-01-16T15:56:52","guid":{"rendered":"https:\/\/cograf.com\/site\/?page_id=2067"},"modified":"2014-01-16T11:33:28","modified_gmt":"2014-01-16T16:03:28","slug":"que-eliges-tu","status":"publish","type":"page","link":"https:\/\/cograf.com\/site\/cultura-de-servicio\/lecturas-de-apoyo\/que-eliges-tu\/","title":{"rendered":"\u00bfQu\u00e9 eliges t\u00fa?"},"content":{"rendered":"<p><span style=\"font-family: verdana, arial, geneva;\">Lorenzo era el tipo de persona que te encantar\u00eda imitar. Siempre estaba de buen humor y siempre ten\u00eda algo positivo que decir. Cuando alguien le preguntaba c\u00f3mo le iba, el respond\u00eda: \u00abSi pudiera estar mejor, tendr\u00eda un gemelo\u00bb.<\/span><\/p>\n<p>Era un gerente de restaurantes \u00fanico. Ten\u00eda varios mesoneros que lo hab\u00edan seguido de restaurante en restaurante, por su actitud: Era un motivador natural. Si un empleado ten\u00eda un mal d\u00eda, Lorenzo estaba ah\u00ed para decirle al empleado c\u00f3mo ver el lado positivo de la situaci\u00f3n.<\/p>\n<p>Ver este estilo realmente me caus\u00f3 curiosidad, as\u00ed que un d\u00eda fui a buscar a Lorenzo y le dije: \u00abNo lo entiendo&#8230; No es posible ser una persona positiva todo el tiempo \u00bfC\u00f3mo lo haces?\u00bb.<\/p>\n<p>Lorenzo respondi\u00f3: \u00abCada ma\u00f1ana me despierto y me digo a mi mismo, Lorenzo, tienes dos opciones hoy: Puedes elegir estar de buen humor o estar de mal humor. Y yo elijo estar de buen humor&#8230; Cada vez que sucede algo malo, puedo escoger entre ser una v\u00edctima o aprender de ello. Y elijo aprender de ello&#8230; Cada vez que alguien viene a mi para quejarse, puedo aceptar su queja o puedo se\u00f1alarle el lado positivo de la vida. Elijo el lado positivo de la vida\u00bb.<\/p>\n<p>\u00abSi, claro, pero no es tan f\u00e1cil\u00bb, protest\u00e9.<\/p>\n<p>\u00abS\u00ed lo es\u00bb, dijo Lorenzo. \u00abTodo en la vida es acerca de elecciones&#8230; Cuando quitas todo lo dem\u00e1s, cada situaci\u00f3n es una elecci\u00f3n&#8230; Tu eliges como reaccionas ante cada situaci\u00f3n, tu eliges como la gente afectar\u00e1 tu estado de animo, tu eliges estar de buen humor o mal humor&#8230; En resumen, tu eliges como vivir tu vida\u00bb.<\/p>\n<p>Reflexion\u00e9 en lo que Lorenzo me dijo&#8230; Poco tiempo despu\u00e9s, dej\u00e9 la industria de los restaurantes para iniciar mi propio negocio. Perdimos contacto, pero con frecuencia pensaba en Lorenzo cuando ten\u00eda que hacer una elecci\u00f3n en la vida, en vez de reaccionar contra ella.\u00a0<\/p>\n<p>Varios a\u00f1os m\u00e1s tarde, me enter\u00e9 que Lorenzo hizo algo que nunca debe hacerse en un restaurante: dej\u00f3 la puerta de atr\u00e1s abierta una ma\u00f1ana y fue asaltado por tres ladrones armados.<\/p>\n<p>Mientras trataba de abrir la caja fuerte, su mano temblando por el Nerviosismo y resbal\u00f3 la combinaci\u00f3n. Los asaltantes sintieron p\u00e1nico y le dispararon. Con mucha suerte, Lorenzo fue encontrado relativamente pronto y llevado de emergencia a una Cl\u00ednica. Despu\u00e9s de ocho horas de cirug\u00eda y semanas de terapia intensiva, Lorenzo fue dado de alta a\u00fan con fragmentos de bala en su cuerpo.<\/p>\n<p>Me encontr\u00e9 con Lorenzo seis meses despu\u00e9s del accidente y cuando le pregunt\u00e9 como estaba, me respondi\u00f3: \u00abSi pudiera estar mejor, tendr\u00eda un gemelo\u00bb.<\/p>\n<p>Le pregunte qu\u00e9 pas\u00f3 por su mente en el momento del asalto. Y contest\u00f3: \u00abLo primero que vino a mi mente fue que deb\u00ed haber cerrado con llave la puerta de atr\u00e1s&#8230; Cuando estaba tirado en el piso, record\u00e9 que ten\u00eda dos opciones: Pod\u00eda elegir vivir o pod\u00eda elegir morir. Eleg\u00ed vivir\u00bb<\/p>\n<p>\u00ab\u00bfNo sentiste miedo?\u00bb, le pregunt\u00e9. Lorenzo continu\u00f3: \u00abLos m\u00e9dicos fueron geniales. No dejaban de decirme que iba a estar bien. Pero cuando me llevaron al quir\u00f3fano y vi las expresiones en las caras de los m\u00e9dicos y enfermeras, realmente me asust\u00e9. Pod\u00eda leer en sus ojos: &#8216;Es hombre muerto&#8217;. Supe entonces que deb\u00eda tomar una decisi\u00f3n.\u00bb<\/p>\n<p>\u00abQue hiciste?\u00bb, pregunt\u00e9. \u00abBueno -prosigui\u00f3 Lorenzo- uno de los m\u00e9dicos me pregunt\u00f3 si era al\u00e9rgico a algo y despu\u00e9s de respirar profundo grit\u00e9:<\/p>\n<p>\u00a1S\u00ed, a las balas!&#8230; Y mientras los m\u00e9dicos re\u00edan, les dije: estoy eligiendo vivir. Op\u00e9renme como si estuviera vivo, no muerto\u00bb&#8230;<\/p>\n<p>Lorenzo vivi\u00f3 por la maestr\u00eda de los m\u00e9dicos, pero sobre todo por su asombrosa actitud. Aprendi\u00f3 y nos muestra que cada d\u00eda tenemos la elecci\u00f3n de vivir plenamente.<\/p>\n","protected":false},"excerpt":{"rendered":"<p>Lorenzo era el tipo de persona que te encantar\u00eda imitar. Siempre estaba de buen humor y siempre ten\u00eda algo positivo que decir. Cuando alguien le preguntaba c\u00f3mo le iba, el respond\u00eda: \u00abSi pudiera estar mejor, tendr\u00eda un gemelo\u00bb. Era un&hellip;<\/p>\n","protected":false},"author":1,"featured_media":0,"parent":1841,"menu_order":0,"comment_status":"open","ping_status":"open","template":"","meta":{"footnotes":""},"class_list":["post-2067","page","type-page","status-publish","hentry","entry","no-media"],"yoast_head":"<!-- This site is optimized with the Yoast SEO plugin v26.9 - https:\/\/yoast.com\/product\/yoast-seo-wordpress\/ -->\n<title>\u00bfQu\u00e9 eliges t\u00fa? - Cograf Comunicaciones<\/title>\n<meta name=\"robots\" content=\"index, follow, max-snippet:-1, max-image-preview:large, max-video-preview:-1\" \/>\n<link rel=\"canonical\" href=\"https:\/\/cograf.com\/site\/cultura-de-servicio\/lecturas-de-apoyo\/que-eliges-tu\/\" \/>\n<meta property=\"og:locale\" content=\"es_ES\" \/>\n<meta property=\"og:type\" content=\"article\" \/>\n<meta property=\"og:title\" content=\"\u00bfQu\u00e9 eliges t\u00fa? - Cograf Comunicaciones\" \/>\n<meta property=\"og:description\" content=\"Lorenzo era el tipo de persona que te encantar\u00eda imitar. Siempre estaba de buen humor y siempre ten\u00eda algo positivo que decir. Cuando alguien le preguntaba c\u00f3mo le iba, el respond\u00eda: \u00abSi pudiera estar mejor, tendr\u00eda un gemelo\u00bb. Era un&hellip;\" \/>\n<meta property=\"og:url\" content=\"https:\/\/cograf.com\/site\/cultura-de-servicio\/lecturas-de-apoyo\/que-eliges-tu\/\" \/>\n<meta property=\"og:site_name\" content=\"Cograf Comunicaciones\" \/>\n<meta property=\"article:modified_time\" content=\"2014-01-16T16:03:28+00:00\" \/>\n<meta name=\"twitter:card\" content=\"summary_large_image\" \/>\n<meta name=\"twitter:label1\" content=\"Tiempo de lectura\" \/>\n\t<meta name=\"twitter:data1\" content=\"3 minutos\" \/>\n<script type=\"application\/ld+json\" class=\"yoast-schema-graph\">{\"@context\":\"https:\/\/schema.org\",\"@graph\":[{\"@type\":\"WebPage\",\"@id\":\"https:\/\/cograf.com\/site\/cultura-de-servicio\/lecturas-de-apoyo\/que-eliges-tu\/\",\"url\":\"https:\/\/cograf.com\/site\/cultura-de-servicio\/lecturas-de-apoyo\/que-eliges-tu\/\",\"name\":\"\u00bfQu\u00e9 eliges t\u00fa? - Cograf Comunicaciones\",\"isPartOf\":{\"@id\":\"https:\/\/cograf.com\/site\/#website\"},\"datePublished\":\"2014-01-16T15:56:52+00:00\",\"dateModified\":\"2014-01-16T16:03:28+00:00\",\"breadcrumb\":{\"@id\":\"https:\/\/cograf.com\/site\/cultura-de-servicio\/lecturas-de-apoyo\/que-eliges-tu\/#breadcrumb\"},\"inLanguage\":\"es\",\"potentialAction\":[{\"@type\":\"ReadAction\",\"target\":[\"https:\/\/cograf.com\/site\/cultura-de-servicio\/lecturas-de-apoyo\/que-eliges-tu\/\"]}]},{\"@type\":\"BreadcrumbList\",\"@id\":\"https:\/\/cograf.com\/site\/cultura-de-servicio\/lecturas-de-apoyo\/que-eliges-tu\/#breadcrumb\",\"itemListElement\":[{\"@type\":\"ListItem\",\"position\":1,\"name\":\"Portada\",\"item\":\"https:\/\/cograf.com\/site\/\"},{\"@type\":\"ListItem\",\"position\":2,\"name\":\"Cultura de Servicio\",\"item\":\"https:\/\/cograf.com\/site\/cultura-de-servicio\/\"},{\"@type\":\"ListItem\",\"position\":3,\"name\":\"Lecturas de apoyo\",\"item\":\"https:\/\/cograf.com\/site\/cultura-de-servicio\/lecturas-de-apoyo\/\"},{\"@type\":\"ListItem\",\"position\":4,\"name\":\"\u00bfQu\u00e9 eliges t\u00fa?\"}]},{\"@type\":\"WebSite\",\"@id\":\"https:\/\/cograf.com\/site\/#website\",\"url\":\"https:\/\/cograf.com\/site\/\",\"name\":\"Cograf Comunicaciones\",\"description\":\"Imagen de marcas\",\"publisher\":{\"@id\":\"https:\/\/cograf.com\/site\/#organization\"},\"potentialAction\":[{\"@type\":\"SearchAction\",\"target\":{\"@type\":\"EntryPoint\",\"urlTemplate\":\"https:\/\/cograf.com\/site\/?s={search_term_string}\"},\"query-input\":{\"@type\":\"PropertyValueSpecification\",\"valueRequired\":true,\"valueName\":\"search_term_string\"}}],\"inLanguage\":\"es\"},{\"@type\":\"Organization\",\"@id\":\"https:\/\/cograf.com\/site\/#organization\",\"name\":\"Cograf Comunicaciones\",\"url\":\"https:\/\/cograf.com\/site\/\",\"logo\":{\"@type\":\"ImageObject\",\"inLanguage\":\"es\",\"@id\":\"https:\/\/cograf.com\/site\/#\/schema\/logo\/image\/\",\"url\":\"https:\/\/cograf.com\/site\/wp-content\/uploads\/2020\/10\/logo_cograf_new.jpg\",\"contentUrl\":\"https:\/\/cograf.com\/site\/wp-content\/uploads\/2020\/10\/logo_cograf_new.jpg\",\"width\":501,\"height\":301,\"caption\":\"Cograf Comunicaciones\"},\"image\":{\"@id\":\"https:\/\/cograf.com\/site\/#\/schema\/logo\/image\/\"}}]}<\/script>\n<!-- \/ Yoast SEO plugin. -->","yoast_head_json":{"title":"\u00bfQu\u00e9 eliges t\u00fa? - Cograf Comunicaciones","robots":{"index":"index","follow":"follow","max-snippet":"max-snippet:-1","max-image-preview":"max-image-preview:large","max-video-preview":"max-video-preview:-1"},"canonical":"https:\/\/cograf.com\/site\/cultura-de-servicio\/lecturas-de-apoyo\/que-eliges-tu\/","og_locale":"es_ES","og_type":"article","og_title":"\u00bfQu\u00e9 eliges t\u00fa? - Cograf Comunicaciones","og_description":"Lorenzo era el tipo de persona que te encantar\u00eda imitar. Siempre estaba de buen humor y siempre ten\u00eda algo positivo que decir. Cuando alguien le preguntaba c\u00f3mo le iba, el respond\u00eda: \u00abSi pudiera estar mejor, tendr\u00eda un gemelo\u00bb. Era un&hellip;","og_url":"https:\/\/cograf.com\/site\/cultura-de-servicio\/lecturas-de-apoyo\/que-eliges-tu\/","og_site_name":"Cograf Comunicaciones","article_modified_time":"2014-01-16T16:03:28+00:00","twitter_card":"summary_large_image","twitter_misc":{"Tiempo de lectura":"3 minutos"},"schema":{"@context":"https:\/\/schema.org","@graph":[{"@type":"WebPage","@id":"https:\/\/cograf.com\/site\/cultura-de-servicio\/lecturas-de-apoyo\/que-eliges-tu\/","url":"https:\/\/cograf.com\/site\/cultura-de-servicio\/lecturas-de-apoyo\/que-eliges-tu\/","name":"\u00bfQu\u00e9 eliges t\u00fa? - Cograf Comunicaciones","isPartOf":{"@id":"https:\/\/cograf.com\/site\/#website"},"datePublished":"2014-01-16T15:56:52+00:00","dateModified":"2014-01-16T16:03:28+00:00","breadcrumb":{"@id":"https:\/\/cograf.com\/site\/cultura-de-servicio\/lecturas-de-apoyo\/que-eliges-tu\/#breadcrumb"},"inLanguage":"es","potentialAction":[{"@type":"ReadAction","target":["https:\/\/cograf.com\/site\/cultura-de-servicio\/lecturas-de-apoyo\/que-eliges-tu\/"]}]},{"@type":"BreadcrumbList","@id":"https:\/\/cograf.com\/site\/cultura-de-servicio\/lecturas-de-apoyo\/que-eliges-tu\/#breadcrumb","itemListElement":[{"@type":"ListItem","position":1,"name":"Portada","item":"https:\/\/cograf.com\/site\/"},{"@type":"ListItem","position":2,"name":"Cultura de Servicio","item":"https:\/\/cograf.com\/site\/cultura-de-servicio\/"},{"@type":"ListItem","position":3,"name":"Lecturas de apoyo","item":"https:\/\/cograf.com\/site\/cultura-de-servicio\/lecturas-de-apoyo\/"},{"@type":"ListItem","position":4,"name":"\u00bfQu\u00e9 eliges t\u00fa?"}]},{"@type":"WebSite","@id":"https:\/\/cograf.com\/site\/#website","url":"https:\/\/cograf.com\/site\/","name":"Cograf Comunicaciones","description":"Imagen de marcas","publisher":{"@id":"https:\/\/cograf.com\/site\/#organization"},"potentialAction":[{"@type":"SearchAction","target":{"@type":"EntryPoint","urlTemplate":"https:\/\/cograf.com\/site\/?s={search_term_string}"},"query-input":{"@type":"PropertyValueSpecification","valueRequired":true,"valueName":"search_term_string"}}],"inLanguage":"es"},{"@type":"Organization","@id":"https:\/\/cograf.com\/site\/#organization","name":"Cograf Comunicaciones","url":"https:\/\/cograf.com\/site\/","logo":{"@type":"ImageObject","inLanguage":"es","@id":"https:\/\/cograf.com\/site\/#\/schema\/logo\/image\/","url":"https:\/\/cograf.com\/site\/wp-content\/uploads\/2020\/10\/logo_cograf_new.jpg","contentUrl":"https:\/\/cograf.com\/site\/wp-content\/uploads\/2020\/10\/logo_cograf_new.jpg","width":501,"height":301,"caption":"Cograf Comunicaciones"},"image":{"@id":"https:\/\/cograf.com\/site\/#\/schema\/logo\/image\/"}}]}},"_links":{"self":[{"href":"https:\/\/cograf.com\/site\/wp-json\/wp\/v2\/pages\/2067","targetHints":{"allow":["GET"]}}],"collection":[{"href":"https:\/\/cograf.com\/site\/wp-json\/wp\/v2\/pages"}],"about":[{"href":"https:\/\/cograf.com\/site\/wp-json\/wp\/v2\/types\/page"}],"author":[{"embeddable":true,"href":"https:\/\/cograf.com\/site\/wp-json\/wp\/v2\/users\/1"}],"replies":[{"embeddable":true,"href":"https:\/\/cograf.com\/site\/wp-json\/wp\/v2\/comments?post=2067"}],"version-history":[{"count":0,"href":"https:\/\/cograf.com\/site\/wp-json\/wp\/v2\/pages\/2067\/revisions"}],"up":[{"embeddable":true,"href":"https:\/\/cograf.com\/site\/wp-json\/wp\/v2\/pages\/1841"}],"wp:attachment":[{"href":"https:\/\/cograf.com\/site\/wp-json\/wp\/v2\/media?parent=2067"}],"curies":[{"name":"wp","href":"https:\/\/api.w.org\/{rel}","templated":true}]}}