{"id":2056,"date":"2014-01-16T11:16:35","date_gmt":"2014-01-16T15:46:35","guid":{"rendered":"https:\/\/cograf.com\/site\/?page_id=2056"},"modified":"2014-01-16T11:16:35","modified_gmt":"2014-01-16T15:46:35","slug":"ese-es-mi-violin","status":"publish","type":"page","link":"https:\/\/cograf.com\/site\/cultura-de-servicio\/lecturas-de-apoyo\/ese-es-mi-violin\/","title":{"rendered":"\u00a1Ese es mi viol\u00edn!"},"content":{"rendered":"<p><span style=\"font-family: verdana, arial, geneva;\">Esta historia es sobre un hombre que reflejaba en su forma de vestir la derrota, y en su forma de actuar la mediocridad total&#8230;<\/p>\n<p>Ocurri\u00f3 en Par\u00eds, en una calle c\u00e9ntrica aunque secundaria. Este hombre, sucio, maloliente, tocaba un viejo viol\u00edn. Frente a \u00e9l y sobre el suelo estaba su boina, con la esperanza de que los transe\u00fantes se apiadaran de su condici\u00f3n y le arrojaran algunas monedas para llevar a casa.<\/p>\n<p>El pobre hombre trataba de sacar una melod\u00eda, pero era del todo imposible identificarla debido a lo desafinado del instrumento, y a la forma aburrida con que tocaba ese viol\u00edn.<\/p>\n<p>Un famoso concertista, que junto con su esposa y unos amigos sal\u00eda de un teatro cercano, pas\u00f3 frente al mendigo musical. Todos arrugaron la cara al o\u00edr aquellos sonidos tan discordantes y no pudieron menos que re\u00edr de buena gana.<\/p>\n<p>La esposa del concertista le pidi\u00f3 que tocara algo. El hombre ech\u00f3 una mirada a las pocas monedas en el interior de la boina del mendigo y decidi\u00f3 hacer algo. Le solicit\u00f3 el viol\u00edn y el mendigo musical se lo prest\u00f3 con cierto resquemor.<\/p>\n<p>Lo primero que hizo el concertista fue afinar sus cuerdas. Y entonces, vigorosamente y con gran maestr\u00eda arranc\u00f3 una melod\u00eda fascinante del viejo instrumento. Los amigos comenzaron a aplaudir y los transe\u00fantes comenzaron a arremolinarse para ver el improvisado espect\u00e1culo.<\/p>\n<p>Al escuchar la m\u00fasica la gente de la cercana calle principal acudi\u00f3 tambi\u00e9n y pronto hab\u00eda una peque\u00f1a multitud escuchando arrobada el extra\u00f1o concierto. La boina se llen\u00f3 no solamente de monedas sino de muchos billetes de todas las denominaciones. Mientras el maestro sacaba una melod\u00eda tras otra, con tanta alegr\u00eda.<\/p>\n<p>El mendigo musical estaba a\u00fan m\u00e1s feliz de ver lo que ocurr\u00eda y no cesaba de dar saltos de contento y repetir orgulloso a todos: \u00ab\u00a1Ese es mi viol\u00edn! \u00a1Ese es mi viol\u00edn!\u00bb. Lo cual, por supuesto, era rigurosamente cierto.<\/p>\n<p><b>Y t\u00fa, \u00bfc\u00f3mo tocas el viol\u00edn que te entreg\u00f3 la vida?&#8230;<br \/><\/b><br \/>La vida nos da a todos \u00abun viol\u00edn\u00bb. Son nuestros conocimientos, nuestras habilidades y nuestras actitudes. Y tenemos libertad absoluta de tocar \u00abese viol\u00edn\u00bb como nos plazca.<\/p>\n<p>Algunos, quiz\u00e1s por pereza, ni siquiera afinan su viol\u00edn. No perciben que en el mundo actual hay que prepararse, aprender, desarrollar habilidades y mejorar constantemente actitudes si hemos de ejecutar un buen concierto. Pretenden una boina llena de dinero, y lo que entregan es una discordante melod\u00eda que no le gusta a nadie.\u00a0<\/p>\n<p>Los mejores lugares son para aquellos que no solamente afinan bien ese viol\u00edn, sino que aprenden con el tiempo tambi\u00e9n a tocarlo con maestr\u00eda. Por eso debemos de estar dispuestos a hacer bien nuestro trabajo diario, sea cual sea. Y aspirar siempre a prepararnos para ser capaces de realizar otras cosas que nos gustar\u00edan.<\/p>\n<p>La historia est\u00e1 llena de ejemplos de gente que a\u00fan con dificultades iniciales lleg\u00f3 a ser un concertista con ese viol\u00edn que es la vida. Y tambi\u00e9n, por desgracia, registra los casos de muchos otros, que teniendo grandes oportunidades, decidieron con ese viol\u00edn, ser mendigos musicales.<\/span><\/p>\n","protected":false},"excerpt":{"rendered":"<p>Esta historia es sobre un hombre que reflejaba en su forma de vestir la derrota, y en su forma de actuar la mediocridad total&#8230; Ocurri\u00f3 en Par\u00eds, en una calle c\u00e9ntrica aunque secundaria. Este hombre, sucio, maloliente, tocaba un viejo&hellip;<\/p>\n","protected":false},"author":1,"featured_media":0,"parent":1841,"menu_order":0,"comment_status":"open","ping_status":"open","template":"","meta":{"footnotes":""},"class_list":["post-2056","page","type-page","status-publish","hentry","entry","no-media"],"yoast_head":"<!-- This site is optimized with the Yoast SEO plugin v26.9 - https:\/\/yoast.com\/product\/yoast-seo-wordpress\/ -->\n<title>\u00a1Ese es mi viol\u00edn! - Cograf Comunicaciones<\/title>\n<meta name=\"robots\" content=\"index, follow, max-snippet:-1, max-image-preview:large, max-video-preview:-1\" \/>\n<link rel=\"canonical\" href=\"https:\/\/cograf.com\/site\/cultura-de-servicio\/lecturas-de-apoyo\/ese-es-mi-violin\/\" \/>\n<meta property=\"og:locale\" content=\"es_ES\" \/>\n<meta property=\"og:type\" content=\"article\" \/>\n<meta property=\"og:title\" content=\"\u00a1Ese es mi viol\u00edn! - Cograf Comunicaciones\" \/>\n<meta property=\"og:description\" content=\"Esta historia es sobre un hombre que reflejaba en su forma de vestir la derrota, y en su forma de actuar la mediocridad total&#8230; Ocurri\u00f3 en Par\u00eds, en una calle c\u00e9ntrica aunque secundaria. Este hombre, sucio, maloliente, tocaba un viejo&hellip;\" \/>\n<meta property=\"og:url\" content=\"https:\/\/cograf.com\/site\/cultura-de-servicio\/lecturas-de-apoyo\/ese-es-mi-violin\/\" \/>\n<meta property=\"og:site_name\" content=\"Cograf Comunicaciones\" \/>\n<meta name=\"twitter:card\" content=\"summary_large_image\" \/>\n<meta name=\"twitter:label1\" content=\"Tiempo de lectura\" \/>\n\t<meta name=\"twitter:data1\" content=\"3 minutos\" \/>\n<script type=\"application\/ld+json\" class=\"yoast-schema-graph\">{\"@context\":\"https:\/\/schema.org\",\"@graph\":[{\"@type\":\"WebPage\",\"@id\":\"https:\/\/cograf.com\/site\/cultura-de-servicio\/lecturas-de-apoyo\/ese-es-mi-violin\/\",\"url\":\"https:\/\/cograf.com\/site\/cultura-de-servicio\/lecturas-de-apoyo\/ese-es-mi-violin\/\",\"name\":\"\u00a1Ese es mi viol\u00edn! - Cograf Comunicaciones\",\"isPartOf\":{\"@id\":\"https:\/\/cograf.com\/site\/#website\"},\"datePublished\":\"2014-01-16T15:46:35+00:00\",\"breadcrumb\":{\"@id\":\"https:\/\/cograf.com\/site\/cultura-de-servicio\/lecturas-de-apoyo\/ese-es-mi-violin\/#breadcrumb\"},\"inLanguage\":\"es\",\"potentialAction\":[{\"@type\":\"ReadAction\",\"target\":[\"https:\/\/cograf.com\/site\/cultura-de-servicio\/lecturas-de-apoyo\/ese-es-mi-violin\/\"]}]},{\"@type\":\"BreadcrumbList\",\"@id\":\"https:\/\/cograf.com\/site\/cultura-de-servicio\/lecturas-de-apoyo\/ese-es-mi-violin\/#breadcrumb\",\"itemListElement\":[{\"@type\":\"ListItem\",\"position\":1,\"name\":\"Portada\",\"item\":\"https:\/\/cograf.com\/site\/\"},{\"@type\":\"ListItem\",\"position\":2,\"name\":\"Cultura de Servicio\",\"item\":\"https:\/\/cograf.com\/site\/cultura-de-servicio\/\"},{\"@type\":\"ListItem\",\"position\":3,\"name\":\"Lecturas de apoyo\",\"item\":\"https:\/\/cograf.com\/site\/cultura-de-servicio\/lecturas-de-apoyo\/\"},{\"@type\":\"ListItem\",\"position\":4,\"name\":\"\u00a1Ese es mi viol\u00edn!\"}]},{\"@type\":\"WebSite\",\"@id\":\"https:\/\/cograf.com\/site\/#website\",\"url\":\"https:\/\/cograf.com\/site\/\",\"name\":\"Cograf Comunicaciones\",\"description\":\"Imagen de marcas\",\"publisher\":{\"@id\":\"https:\/\/cograf.com\/site\/#organization\"},\"potentialAction\":[{\"@type\":\"SearchAction\",\"target\":{\"@type\":\"EntryPoint\",\"urlTemplate\":\"https:\/\/cograf.com\/site\/?s={search_term_string}\"},\"query-input\":{\"@type\":\"PropertyValueSpecification\",\"valueRequired\":true,\"valueName\":\"search_term_string\"}}],\"inLanguage\":\"es\"},{\"@type\":\"Organization\",\"@id\":\"https:\/\/cograf.com\/site\/#organization\",\"name\":\"Cograf Comunicaciones\",\"url\":\"https:\/\/cograf.com\/site\/\",\"logo\":{\"@type\":\"ImageObject\",\"inLanguage\":\"es\",\"@id\":\"https:\/\/cograf.com\/site\/#\/schema\/logo\/image\/\",\"url\":\"https:\/\/cograf.com\/site\/wp-content\/uploads\/2020\/10\/logo_cograf_new.jpg\",\"contentUrl\":\"https:\/\/cograf.com\/site\/wp-content\/uploads\/2020\/10\/logo_cograf_new.jpg\",\"width\":501,\"height\":301,\"caption\":\"Cograf Comunicaciones\"},\"image\":{\"@id\":\"https:\/\/cograf.com\/site\/#\/schema\/logo\/image\/\"}}]}<\/script>\n<!-- \/ Yoast SEO plugin. -->","yoast_head_json":{"title":"\u00a1Ese es mi viol\u00edn! - Cograf Comunicaciones","robots":{"index":"index","follow":"follow","max-snippet":"max-snippet:-1","max-image-preview":"max-image-preview:large","max-video-preview":"max-video-preview:-1"},"canonical":"https:\/\/cograf.com\/site\/cultura-de-servicio\/lecturas-de-apoyo\/ese-es-mi-violin\/","og_locale":"es_ES","og_type":"article","og_title":"\u00a1Ese es mi viol\u00edn! - Cograf Comunicaciones","og_description":"Esta historia es sobre un hombre que reflejaba en su forma de vestir la derrota, y en su forma de actuar la mediocridad total&#8230; Ocurri\u00f3 en Par\u00eds, en una calle c\u00e9ntrica aunque secundaria. Este hombre, sucio, maloliente, tocaba un viejo&hellip;","og_url":"https:\/\/cograf.com\/site\/cultura-de-servicio\/lecturas-de-apoyo\/ese-es-mi-violin\/","og_site_name":"Cograf Comunicaciones","twitter_card":"summary_large_image","twitter_misc":{"Tiempo de lectura":"3 minutos"},"schema":{"@context":"https:\/\/schema.org","@graph":[{"@type":"WebPage","@id":"https:\/\/cograf.com\/site\/cultura-de-servicio\/lecturas-de-apoyo\/ese-es-mi-violin\/","url":"https:\/\/cograf.com\/site\/cultura-de-servicio\/lecturas-de-apoyo\/ese-es-mi-violin\/","name":"\u00a1Ese es mi viol\u00edn! - Cograf Comunicaciones","isPartOf":{"@id":"https:\/\/cograf.com\/site\/#website"},"datePublished":"2014-01-16T15:46:35+00:00","breadcrumb":{"@id":"https:\/\/cograf.com\/site\/cultura-de-servicio\/lecturas-de-apoyo\/ese-es-mi-violin\/#breadcrumb"},"inLanguage":"es","potentialAction":[{"@type":"ReadAction","target":["https:\/\/cograf.com\/site\/cultura-de-servicio\/lecturas-de-apoyo\/ese-es-mi-violin\/"]}]},{"@type":"BreadcrumbList","@id":"https:\/\/cograf.com\/site\/cultura-de-servicio\/lecturas-de-apoyo\/ese-es-mi-violin\/#breadcrumb","itemListElement":[{"@type":"ListItem","position":1,"name":"Portada","item":"https:\/\/cograf.com\/site\/"},{"@type":"ListItem","position":2,"name":"Cultura de Servicio","item":"https:\/\/cograf.com\/site\/cultura-de-servicio\/"},{"@type":"ListItem","position":3,"name":"Lecturas de apoyo","item":"https:\/\/cograf.com\/site\/cultura-de-servicio\/lecturas-de-apoyo\/"},{"@type":"ListItem","position":4,"name":"\u00a1Ese es mi viol\u00edn!"}]},{"@type":"WebSite","@id":"https:\/\/cograf.com\/site\/#website","url":"https:\/\/cograf.com\/site\/","name":"Cograf Comunicaciones","description":"Imagen de marcas","publisher":{"@id":"https:\/\/cograf.com\/site\/#organization"},"potentialAction":[{"@type":"SearchAction","target":{"@type":"EntryPoint","urlTemplate":"https:\/\/cograf.com\/site\/?s={search_term_string}"},"query-input":{"@type":"PropertyValueSpecification","valueRequired":true,"valueName":"search_term_string"}}],"inLanguage":"es"},{"@type":"Organization","@id":"https:\/\/cograf.com\/site\/#organization","name":"Cograf Comunicaciones","url":"https:\/\/cograf.com\/site\/","logo":{"@type":"ImageObject","inLanguage":"es","@id":"https:\/\/cograf.com\/site\/#\/schema\/logo\/image\/","url":"https:\/\/cograf.com\/site\/wp-content\/uploads\/2020\/10\/logo_cograf_new.jpg","contentUrl":"https:\/\/cograf.com\/site\/wp-content\/uploads\/2020\/10\/logo_cograf_new.jpg","width":501,"height":301,"caption":"Cograf Comunicaciones"},"image":{"@id":"https:\/\/cograf.com\/site\/#\/schema\/logo\/image\/"}}]}},"_links":{"self":[{"href":"https:\/\/cograf.com\/site\/wp-json\/wp\/v2\/pages\/2056","targetHints":{"allow":["GET"]}}],"collection":[{"href":"https:\/\/cograf.com\/site\/wp-json\/wp\/v2\/pages"}],"about":[{"href":"https:\/\/cograf.com\/site\/wp-json\/wp\/v2\/types\/page"}],"author":[{"embeddable":true,"href":"https:\/\/cograf.com\/site\/wp-json\/wp\/v2\/users\/1"}],"replies":[{"embeddable":true,"href":"https:\/\/cograf.com\/site\/wp-json\/wp\/v2\/comments?post=2056"}],"version-history":[{"count":0,"href":"https:\/\/cograf.com\/site\/wp-json\/wp\/v2\/pages\/2056\/revisions"}],"up":[{"embeddable":true,"href":"https:\/\/cograf.com\/site\/wp-json\/wp\/v2\/pages\/1841"}],"wp:attachment":[{"href":"https:\/\/cograf.com\/site\/wp-json\/wp\/v2\/media?parent=2056"}],"curies":[{"name":"wp","href":"https:\/\/api.w.org\/{rel}","templated":true}]}}