{"id":1992,"date":"2014-01-15T11:16:12","date_gmt":"2014-01-15T15:46:12","guid":{"rendered":"https:\/\/cograf.com\/site\/?page_id=1992"},"modified":"2014-01-15T11:26:21","modified_gmt":"2014-01-15T15:56:21","slug":"como-hacemos-sentir-a-los-clientes","status":"publish","type":"page","link":"https:\/\/cograf.com\/site\/cultura-de-servicio\/lecturas-de-apoyo\/como-hacemos-sentir-a-los-clientes\/","title":{"rendered":"\u00bfC\u00f3mo hacemos sentir a los clientes?"},"content":{"rendered":"<p><span style=\"font-family: verdana, arial, geneva;\"><b>\u00bfC\u00f3mo hacemos sentir a las personas que nos rodean?<\/b><\/span><\/p>\n<p>El 14 de Octubre de 1998, en un vuelo trasatl\u00e1ntico de la l\u00ednea a\u00e9rea British Airways tuvo lugar el siguiente suceso:<\/p>\n<p>A una dama la sentaron en el avi\u00f3n al lado de un hombre de raza negra. La mujer pidi\u00f3 a la azafata que la cambiara de sitio, porque no pod\u00eda sentarse al lado de una persona tan desagradable.<\/p>\n<p>La azafata argument\u00f3 que el vuelo estaba muy lleno, pero que ir\u00eda a revisar a primera clase a ver por si acaso podr\u00eda encontrar alg\u00fan lugar libre. Todos los dem\u00e1s pasajeros observaron la escena con disgusto, no s\u00f3lo por el hecho en s\u00ed, sino por la posibilidad de que hubiera un sitio para aquella mujer en primera clase.<\/p>\n<p>Por su parte, la se\u00f1ora se sinti\u00f3 feliz y hasta triunfadora porque la iban a quitar de ese sitio y ya no estar\u00eda cerca de aquella persona.<\/p>\n<p>Minutos m\u00e1s tarde regres\u00f3 la azafata y le inform\u00f3 a la se\u00f1ora:<\/p>\n<p>-Disc\u00falpeme se\u00f1ora, efectivamente todo el vuelo est\u00e1 lleno&#8230; Afortunadamente encontr\u00e9 un lugar vac\u00edo en primera clase. Sin embargo, para poder hacer este tipo de cambios le tuve que pedir autorizaci\u00f3n al capit\u00e1n, y \u00e9l me indic\u00f3 que no se pod\u00eda obligar a nadie a viajar al lado de una persona tan desagradable&#8230;<\/p>\n<p>La se\u00f1ora con cara de triunfo, intent\u00f3 salir de su asiento, pero la azafata en ese momento se voltea y le dice al hombre de raza negra:\u00a0<\/p>\n<p>-Se\u00f1or, \u00bfser\u00eda usted tan amable de acompa\u00f1arme a su nuevo asiento?<\/p>\n<p>Todos los pasajeros del avi\u00f3n se pararon y ovacionaron la acci\u00f3n de la azafata.<\/p>\n<p>Ese a\u00f1o, la azafata y el capit\u00e1n fueron premiados y gracias a esa actitud, la empresa British Airways se dio cuenta que no le hab\u00eda dado demasiada importancia a la capacitaci\u00f3n de su personal en el \u00e1rea de atencion al cliente.<\/p>\n<p>La empresa hizo cambios de inmediato; desde ese momento en todas las oficinas de British Airways se lee el siguiente mensaje:<\/p>\n<p><span style=\"color: #cc0000; font-family: verdana, arial, geneva;\">\u2022<\/span><span style=\"font-family: verdana, arial, geneva;\">\u00a0<b>Las personas pueden olvidar lo que les dijiste&#8230;<\/b><\/span><\/p>\n<p><span style=\"color: #cc0000; font-family: verdana, arial, geneva;\">\u2022<\/span><span style=\"font-family: verdana, arial, geneva;\"><b>\u00a0Las personas pueden olvidar lo que les hiciste..<\/b>.<\/span><\/p>\n<p><span style=\"color: #cc0000; font-family: verdana, arial, geneva;\">\u2022<\/span><span style=\"font-family: verdana, arial, geneva;\">\u00a0<b>Pero nunca olvidar\u00e1n como los hiciste sentir\u2026<\/b><\/span><\/p>\n","protected":false},"excerpt":{"rendered":"<p>\u00bfC\u00f3mo hacemos sentir a las personas que nos rodean? El 14 de Octubre de 1998, en un vuelo trasatl\u00e1ntico de la l\u00ednea a\u00e9rea British Airways tuvo lugar el siguiente suceso: A una dama la sentaron en el avi\u00f3n al lado&hellip;<\/p>\n","protected":false},"author":1,"featured_media":0,"parent":1841,"menu_order":0,"comment_status":"open","ping_status":"open","template":"","meta":{"footnotes":""},"class_list":["post-1992","page","type-page","status-publish","hentry","entry","no-media"],"yoast_head":"<!-- This site is optimized with the Yoast SEO plugin v26.9 - https:\/\/yoast.com\/product\/yoast-seo-wordpress\/ -->\n<title>\u00bfC\u00f3mo hacemos sentir a los clientes? - Cograf Comunicaciones<\/title>\n<meta name=\"robots\" content=\"index, follow, max-snippet:-1, max-image-preview:large, max-video-preview:-1\" \/>\n<link rel=\"canonical\" href=\"https:\/\/cograf.com\/site\/cultura-de-servicio\/lecturas-de-apoyo\/como-hacemos-sentir-a-los-clientes\/\" \/>\n<meta property=\"og:locale\" content=\"es_ES\" \/>\n<meta property=\"og:type\" content=\"article\" \/>\n<meta property=\"og:title\" content=\"\u00bfC\u00f3mo hacemos sentir a los clientes? - Cograf Comunicaciones\" \/>\n<meta property=\"og:description\" content=\"\u00bfC\u00f3mo hacemos sentir a las personas que nos rodean? El 14 de Octubre de 1998, en un vuelo trasatl\u00e1ntico de la l\u00ednea a\u00e9rea British Airways tuvo lugar el siguiente suceso: A una dama la sentaron en el avi\u00f3n al lado&hellip;\" \/>\n<meta property=\"og:url\" content=\"https:\/\/cograf.com\/site\/cultura-de-servicio\/lecturas-de-apoyo\/como-hacemos-sentir-a-los-clientes\/\" \/>\n<meta property=\"og:site_name\" content=\"Cograf Comunicaciones\" \/>\n<meta property=\"article:modified_time\" content=\"2014-01-15T15:56:21+00:00\" \/>\n<meta name=\"twitter:card\" content=\"summary_large_image\" \/>\n<meta name=\"twitter:label1\" content=\"Tiempo de lectura\" \/>\n\t<meta name=\"twitter:data1\" content=\"2 minutos\" \/>\n<script type=\"application\/ld+json\" class=\"yoast-schema-graph\">{\"@context\":\"https:\/\/schema.org\",\"@graph\":[{\"@type\":\"WebPage\",\"@id\":\"https:\/\/cograf.com\/site\/cultura-de-servicio\/lecturas-de-apoyo\/como-hacemos-sentir-a-los-clientes\/\",\"url\":\"https:\/\/cograf.com\/site\/cultura-de-servicio\/lecturas-de-apoyo\/como-hacemos-sentir-a-los-clientes\/\",\"name\":\"\u00bfC\u00f3mo hacemos sentir a los clientes? - Cograf Comunicaciones\",\"isPartOf\":{\"@id\":\"https:\/\/cograf.com\/site\/#website\"},\"datePublished\":\"2014-01-15T15:46:12+00:00\",\"dateModified\":\"2014-01-15T15:56:21+00:00\",\"breadcrumb\":{\"@id\":\"https:\/\/cograf.com\/site\/cultura-de-servicio\/lecturas-de-apoyo\/como-hacemos-sentir-a-los-clientes\/#breadcrumb\"},\"inLanguage\":\"es\",\"potentialAction\":[{\"@type\":\"ReadAction\",\"target\":[\"https:\/\/cograf.com\/site\/cultura-de-servicio\/lecturas-de-apoyo\/como-hacemos-sentir-a-los-clientes\/\"]}]},{\"@type\":\"BreadcrumbList\",\"@id\":\"https:\/\/cograf.com\/site\/cultura-de-servicio\/lecturas-de-apoyo\/como-hacemos-sentir-a-los-clientes\/#breadcrumb\",\"itemListElement\":[{\"@type\":\"ListItem\",\"position\":1,\"name\":\"Portada\",\"item\":\"https:\/\/cograf.com\/site\/\"},{\"@type\":\"ListItem\",\"position\":2,\"name\":\"Cultura de Servicio\",\"item\":\"https:\/\/cograf.com\/site\/cultura-de-servicio\/\"},{\"@type\":\"ListItem\",\"position\":3,\"name\":\"Lecturas de apoyo\",\"item\":\"https:\/\/cograf.com\/site\/cultura-de-servicio\/lecturas-de-apoyo\/\"},{\"@type\":\"ListItem\",\"position\":4,\"name\":\"\u00bfC\u00f3mo hacemos sentir a los clientes?\"}]},{\"@type\":\"WebSite\",\"@id\":\"https:\/\/cograf.com\/site\/#website\",\"url\":\"https:\/\/cograf.com\/site\/\",\"name\":\"Cograf Comunicaciones\",\"description\":\"Imagen de marcas\",\"publisher\":{\"@id\":\"https:\/\/cograf.com\/site\/#organization\"},\"potentialAction\":[{\"@type\":\"SearchAction\",\"target\":{\"@type\":\"EntryPoint\",\"urlTemplate\":\"https:\/\/cograf.com\/site\/?s={search_term_string}\"},\"query-input\":{\"@type\":\"PropertyValueSpecification\",\"valueRequired\":true,\"valueName\":\"search_term_string\"}}],\"inLanguage\":\"es\"},{\"@type\":\"Organization\",\"@id\":\"https:\/\/cograf.com\/site\/#organization\",\"name\":\"Cograf Comunicaciones\",\"url\":\"https:\/\/cograf.com\/site\/\",\"logo\":{\"@type\":\"ImageObject\",\"inLanguage\":\"es\",\"@id\":\"https:\/\/cograf.com\/site\/#\/schema\/logo\/image\/\",\"url\":\"https:\/\/cograf.com\/site\/wp-content\/uploads\/2020\/10\/logo_cograf_new.jpg\",\"contentUrl\":\"https:\/\/cograf.com\/site\/wp-content\/uploads\/2020\/10\/logo_cograf_new.jpg\",\"width\":501,\"height\":301,\"caption\":\"Cograf Comunicaciones\"},\"image\":{\"@id\":\"https:\/\/cograf.com\/site\/#\/schema\/logo\/image\/\"}}]}<\/script>\n<!-- \/ Yoast SEO plugin. -->","yoast_head_json":{"title":"\u00bfC\u00f3mo hacemos sentir a los clientes? - Cograf Comunicaciones","robots":{"index":"index","follow":"follow","max-snippet":"max-snippet:-1","max-image-preview":"max-image-preview:large","max-video-preview":"max-video-preview:-1"},"canonical":"https:\/\/cograf.com\/site\/cultura-de-servicio\/lecturas-de-apoyo\/como-hacemos-sentir-a-los-clientes\/","og_locale":"es_ES","og_type":"article","og_title":"\u00bfC\u00f3mo hacemos sentir a los clientes? - Cograf Comunicaciones","og_description":"\u00bfC\u00f3mo hacemos sentir a las personas que nos rodean? El 14 de Octubre de 1998, en un vuelo trasatl\u00e1ntico de la l\u00ednea a\u00e9rea British Airways tuvo lugar el siguiente suceso: A una dama la sentaron en el avi\u00f3n al lado&hellip;","og_url":"https:\/\/cograf.com\/site\/cultura-de-servicio\/lecturas-de-apoyo\/como-hacemos-sentir-a-los-clientes\/","og_site_name":"Cograf Comunicaciones","article_modified_time":"2014-01-15T15:56:21+00:00","twitter_card":"summary_large_image","twitter_misc":{"Tiempo de lectura":"2 minutos"},"schema":{"@context":"https:\/\/schema.org","@graph":[{"@type":"WebPage","@id":"https:\/\/cograf.com\/site\/cultura-de-servicio\/lecturas-de-apoyo\/como-hacemos-sentir-a-los-clientes\/","url":"https:\/\/cograf.com\/site\/cultura-de-servicio\/lecturas-de-apoyo\/como-hacemos-sentir-a-los-clientes\/","name":"\u00bfC\u00f3mo hacemos sentir a los clientes? - Cograf Comunicaciones","isPartOf":{"@id":"https:\/\/cograf.com\/site\/#website"},"datePublished":"2014-01-15T15:46:12+00:00","dateModified":"2014-01-15T15:56:21+00:00","breadcrumb":{"@id":"https:\/\/cograf.com\/site\/cultura-de-servicio\/lecturas-de-apoyo\/como-hacemos-sentir-a-los-clientes\/#breadcrumb"},"inLanguage":"es","potentialAction":[{"@type":"ReadAction","target":["https:\/\/cograf.com\/site\/cultura-de-servicio\/lecturas-de-apoyo\/como-hacemos-sentir-a-los-clientes\/"]}]},{"@type":"BreadcrumbList","@id":"https:\/\/cograf.com\/site\/cultura-de-servicio\/lecturas-de-apoyo\/como-hacemos-sentir-a-los-clientes\/#breadcrumb","itemListElement":[{"@type":"ListItem","position":1,"name":"Portada","item":"https:\/\/cograf.com\/site\/"},{"@type":"ListItem","position":2,"name":"Cultura de Servicio","item":"https:\/\/cograf.com\/site\/cultura-de-servicio\/"},{"@type":"ListItem","position":3,"name":"Lecturas de apoyo","item":"https:\/\/cograf.com\/site\/cultura-de-servicio\/lecturas-de-apoyo\/"},{"@type":"ListItem","position":4,"name":"\u00bfC\u00f3mo hacemos sentir a los clientes?"}]},{"@type":"WebSite","@id":"https:\/\/cograf.com\/site\/#website","url":"https:\/\/cograf.com\/site\/","name":"Cograf Comunicaciones","description":"Imagen de marcas","publisher":{"@id":"https:\/\/cograf.com\/site\/#organization"},"potentialAction":[{"@type":"SearchAction","target":{"@type":"EntryPoint","urlTemplate":"https:\/\/cograf.com\/site\/?s={search_term_string}"},"query-input":{"@type":"PropertyValueSpecification","valueRequired":true,"valueName":"search_term_string"}}],"inLanguage":"es"},{"@type":"Organization","@id":"https:\/\/cograf.com\/site\/#organization","name":"Cograf Comunicaciones","url":"https:\/\/cograf.com\/site\/","logo":{"@type":"ImageObject","inLanguage":"es","@id":"https:\/\/cograf.com\/site\/#\/schema\/logo\/image\/","url":"https:\/\/cograf.com\/site\/wp-content\/uploads\/2020\/10\/logo_cograf_new.jpg","contentUrl":"https:\/\/cograf.com\/site\/wp-content\/uploads\/2020\/10\/logo_cograf_new.jpg","width":501,"height":301,"caption":"Cograf Comunicaciones"},"image":{"@id":"https:\/\/cograf.com\/site\/#\/schema\/logo\/image\/"}}]}},"_links":{"self":[{"href":"https:\/\/cograf.com\/site\/wp-json\/wp\/v2\/pages\/1992","targetHints":{"allow":["GET"]}}],"collection":[{"href":"https:\/\/cograf.com\/site\/wp-json\/wp\/v2\/pages"}],"about":[{"href":"https:\/\/cograf.com\/site\/wp-json\/wp\/v2\/types\/page"}],"author":[{"embeddable":true,"href":"https:\/\/cograf.com\/site\/wp-json\/wp\/v2\/users\/1"}],"replies":[{"embeddable":true,"href":"https:\/\/cograf.com\/site\/wp-json\/wp\/v2\/comments?post=1992"}],"version-history":[{"count":0,"href":"https:\/\/cograf.com\/site\/wp-json\/wp\/v2\/pages\/1992\/revisions"}],"up":[{"embeddable":true,"href":"https:\/\/cograf.com\/site\/wp-json\/wp\/v2\/pages\/1841"}],"wp:attachment":[{"href":"https:\/\/cograf.com\/site\/wp-json\/wp\/v2\/media?parent=1992"}],"curies":[{"name":"wp","href":"https:\/\/api.w.org\/{rel}","templated":true}]}}