{"id":1841,"date":"2014-01-14T10:43:45","date_gmt":"2014-01-14T15:13:45","guid":{"rendered":"https:\/\/cograf.com\/site\/?page_id=1841"},"modified":"2014-01-17T14:48:22","modified_gmt":"2014-01-17T19:18:22","slug":"lecturas-de-apoyo","status":"publish","type":"page","link":"https:\/\/cograf.com\/site\/cultura-de-servicio\/lecturas-de-apoyo\/","title":{"rendered":"Lecturas de apoyo"},"content":{"rendered":"<ul>\n<li><a href=\"https:\/\/cograf.com\/site\/cultura-de-servicio\/lecturas-de-apoyo\/potenciando-la-creatividad-personal\/\">Potenciando la creatividad personal<\/a><\/li>\n<li><a href=\"https:\/\/cograf.com\/site\/cultura-de-servicio\/lecturas-de-apoyo\/caracteristicas-de-las-empresas-conocedoras\/\">Caracteristicas de las empresas \u00abconocedoras\u00bb<\/a><\/li>\n<li><a href=\"https:\/\/cograf.com\/site\/cultura-de-servicio\/lecturas-de-apoyo\/dialogo-el-arte-de-pensar-juntos\/\" target=\"_blank\">Di\u00e1logo: El arte de pensar juntos<\/a><\/li>\n<li><a href=\"https:\/\/cograf.com\/site\/cultura-de-servicio\/lecturas-de-apoyo\/la-lectura-despierta-una-curiosidad-fundamental-para-el-aprendizaje\/\" target=\"_blank\">La lectura despierta una curiosidad fundamental para el aprendizaje<\/a><\/li>\n<li><a href=\"https:\/\/cograf.com\/site\/cultura-de-servicio\/lecturas-de-apoyo\/el-secreto-del-talento-es-la-calidad-de-la-practica\/\" target=\"_blank\">El \u00absecreto\u00bb del talento es la calidad de la pr\u00e1ctica<\/a><\/li>\n<li><a href=\"https:\/\/cograf.com\/site\/cultura-de-servicio\/lecturas-de-apoyo\/aprender-es-un-deleite-pero-hay-que-leer\/\" target=\"_blank\">Aprender es un deleite&#8230; Pero hay que leer<\/a><\/li>\n<li><a href=\"https:\/\/cograf.com\/site\/cultura-de-servicio\/lecturas-de-apoyo\/desarrollando-una-cultura-organizacional\/\" target=\"_blank\">Desarrollando una cultura organizacional<\/a><\/li>\n<li><a href=\"https:\/\/cograf.com\/site\/cultura-de-servicio\/lecturas-de-apoyo\/calidad-de-atencion-y-servicio-en-epoca-de-crisis\/\" target=\"_blank\">Calidad de atenci\u00f3n y servicio en \u00e9poca de crisis<\/a><\/li>\n<li><a href=\"https:\/\/cograf.com\/site\/cultura-de-servicio\/lecturas-de-apoyo\/el-arte-de-atender-al-publico\/\" target=\"_blank\">El arte de atender al p\u00fablico<\/a><\/li>\n<li><a href=\"https:\/\/cograf.com\/site\/cultura-de-servicio\/lecturas-de-apoyo\/yo-puedo-hacer-la-diferencia\/\" target=\"_blank\">Yo puedo hacer la diferencia<\/a><\/li>\n<li><a href=\"https:\/\/cograf.com\/site\/cultura-de-servicio\/lecturas-de-apoyo\/como-ganar-amigos-e-influir-en-la-gente\/\" target=\"_blank\">Como ganar amigos e influir en la gente<\/a><\/li>\n<li><a href=\"https:\/\/cograf.com\/site\/cultura-de-servicio\/lecturas-de-apoyo\/correlaciones-entre-salud-y-felicidad\/\" target=\"_blank\">Correlaciones entre salud y felicidad<\/a><\/li>\n<li><a href=\"https:\/\/cograf.com\/site\/cultura-de-servicio\/lecturas-de-apoyo\/el-valor-de-las-preguntas-en-los-procesos-de-venta\/\" target=\"_blank\">El valor de las preguntas en los procesos de venta<\/a><\/li>\n<li><a href=\"https:\/\/cograf.com\/site\/cultura-de-servicio\/lecturas-de-apoyo\/el-poder-de-una-vision-en-los-ninos\/\" target=\"_blank\">El poder de una visi\u00f3n en los ni\u00f1os<\/a><\/li>\n<li><a href=\"https:\/\/cograf.com\/site\/cultura-de-servicio\/lecturas-de-apoyo\/el-punto-clave\/\" target=\"_blank\">El punto clave<\/a><\/li>\n<li><a href=\"https:\/\/cograf.com\/site\/cultura-de-servicio\/lecturas-de-apoyo\/la-psicocibernetica-de-maxwell-maltz\/\" target=\"_blank\">La Psicocibern\u00e9tica de Maxwell Maltz<\/a><\/li>\n<li><a href=\"https:\/\/cograf.com\/site\/cultura-de-servicio\/manten-la-llama-encendida\/\" target=\"_blank\">Mant\u00e9n la llama encendida<\/a><\/li>\n<li><a href=\"https:\/\/cograf.com\/site\/cultura-de-servicio\/lecturas-de-apoyo\/el-arte-de-atender-al-publico-2\/\" target=\"_blank\">El arte de atender al p\u00fablico<\/a><\/li>\n<li><a href=\"https:\/\/cograf.com\/site\/cultura-de-servicio\/lecturas-de-apoyo\/el-talento-no-es-suficiente\/\" target=\"_blank\">El talento no es suficiente<\/a><\/li>\n<li><a href=\"https:\/\/cograf.com\/site\/cultura-de-servicio\/lecturas-de-apoyo\/dios-me-salvara\/\" target=\"_blank\">\u00abDios me salvar\u00e1\u00bb<\/a><\/li>\n<li><a href=\"https:\/\/cograf.com\/site\/cultura-de-servicio\/lecturas-de-apoyo\/la-historia-de-jerry\/\" target=\"_blank\">La historia de Jerry<\/a><\/li>\n<li><a href=\"https:\/\/cograf.com\/site\/cultura-de-servicio\/lecturas-de-apoyo\/cinco-cosas-importantes-en-la-vida\/\" target=\"_blank\">Cinco cosas importantes en la vida<\/a><\/li>\n<li>\n<p style=\"display: inline !important;\"><a href=\"https:\/\/cograf.com\/site\/cultura-de-servicio\/lecturas-de-apoyo\/productividad-al-estilo-japones\/\" target=\"_blank\">Productividad al estilo japon\u00e9s<\/a><\/p>\n<\/li>\n<li><a href=\"https:\/\/cograf.com\/site\/cultura-de-servicio\/lecturas-de-apoyo\/el-conductor-del-autobus-con-pasajeros-fastidiosos\/\" target=\"_blank\">El conductor del autob\u00fas con pasajeros fastidiosos<\/a><\/li>\n<li><a href=\"https:\/\/cograf.com\/site\/cultura-de-servicio\/lecturas-de-apoyo\/como-hacemos-sentir-a-los-clientes\/\" target=\"_blank\">\u00bfC\u00f3mo hacemos sentir a los clientes?<\/a><\/li>\n<li>\n<p style=\"display: inline !important;\"><a href=\"https:\/\/cograf.com\/site\/cultura-de-servicio\/lecturas-de-apoyo\/paradigma-del-agua-fria\/\" target=\"_blank\">Paradigma del Agua Fr\u00eda<\/a><\/p>\n<\/li>\n<li><a href=\"https:\/\/cograf.com\/site\/cultura-de-servicio\/lecturas-de-apoyo\/la-desesperanza-aprendida-y-la-fuerza-del-optimismo\/\" target=\"_blank\">La desesperanza aprendida y la fuerza del optimismo<\/a><\/li>\n<li><a href=\"https:\/\/cograf.com\/site\/cultura-de-servicio\/lecturas-de-apoyo\/la-rana-hervida\/\" target=\"_blank\">La Rana Hervida<\/a><\/li>\n<li><a href=\"https:\/\/cograf.com\/site\/cultura-de-servicio\/lecturas-de-apoyo\/sintesis-de-los-7-habitos-de-la-gente-efectiva-de-stephen-covey\/\" target=\"_blank\">S\u00edntesis de \u201cLos 7 h\u00e1bitos de la gente efectiva\u201d, de Stephen Covey<\/a><\/li>\n<li>\n<p style=\"display: inline !important;\"><a href=\"https:\/\/cograf.com\/site\/cultura-de-servicio\/lecturas-de-apoyo\/el-optimismo-es-una-vision-util-y-gratuita\/\" target=\"_blank\">El optimismo es una visi\u00f3n \u00fatil y gratuita<\/a><\/p>\n<\/li>\n<li><a href=\"https:\/\/cograf.com\/site\/cultura-de-servicio\/lecturas-de-apoyo\/palabras-de-joan-manuel-serrat\/\" target=\"_blank\">Palabras de Joan Manuel Serrat<\/a><\/li>\n<li><a href=\"https:\/\/cograf.com\/site\/cultura-de-servicio\/lecturas-de-apoyo\/lo-que-puede-hacer-el-pensamiento\/\" target=\"_blank\">Lo que puede hacer el pensamiento<\/a><\/li>\n<li><a href=\"https:\/\/cograf.com\/site\/cultura-de-servicio\/lecturas-de-apoyo\/tu-eres-la-empresa-en-la-que-trabajas\/\" target=\"_blank\">Tu eres la empresa en la que trabajas<\/a><\/li>\n<li><a href=\"https:\/\/cograf.com\/site\/cultura-de-servicio\/lecturas-de-apoyo\/la-siguiente-es-una-de-esas-tipicas-situaciones-de-incomunicacion-corporativa\/\" target=\"_blank\">La siguiente es una de esas t\u00edpicas situaciones de \u201cincomunicaci\u00f3n corporativa\u201d<\/a><\/li>\n<li><a href=\"https:\/\/cograf.com\/site\/cultura-de-servicio\/lecturas-de-apoyo\/aprende-del-principio-9010\/\" target=\"_blank\">Aprende del principio 90\/10<\/a><\/li>\n<li><a href=\"https:\/\/cograf.com\/site\/cultura-de-servicio\/lecturas-de-apoyo\/cierto-misterio-con-los-elefantes\/\" target=\"_blank\">Cierto misterio con los elefantes<\/a><\/li>\n<li><a href=\"https:\/\/cograf.com\/site\/cultura-de-servicio\/lecturas-de-apoyo\/ese-es-mi-violin\/\" target=\"_blank\">\u00a1Ese es mi viol\u00edn!<\/a><\/li>\n<li><a href=\"https:\/\/cograf.com\/site\/cultura-de-servicio\/lecturas-de-apoyo\/somos-lo-que-creemos\/\" target=\"_blank\">Somos lo que creemos<\/a><\/li>\n<li>\n<p style=\"display: inline !important;\"><a href=\"https:\/\/cograf.com\/site\/cultura-de-servicio\/lecturas-de-apoyo\/ha-oido-hablar-de-susan-boyle\/\" target=\"_blank\">\u00bfHa oido hablar de Susan Boyle?<\/a><\/p>\n<\/li>\n<li><a href=\"https:\/\/cograf.com\/site\/cultura-de-servicio\/lecturas-de-apoyo\/que-eliges-tu\/\" target=\"_blank\">\u00bfQu\u00e9 eliges t\u00fa?<\/a><\/li>\n<li><a href=\"https:\/\/cograf.com\/site\/cultura-de-servicio\/lecturas-de-apoyo\/porque-la-gente-se-grita\/\" target=\"_blank\">\u00bfPorqu\u00e9 la gente se grita?<\/a><\/li>\n<li><a href=\"https:\/\/cograf.com\/site\/cultura-de-servicio\/lecturas-de-apoyo\/risoterapia-para-tu-bienestar-2\/\" target=\"_blank\">Risoterapia para tu bienestar<\/a><\/li>\n<li><a href=\"https:\/\/cograf.com\/site\/cultura-de-servicio\/lecturas-de-apoyo\/genetica-de-las-ventas-parte-1\/\" target=\"_blank\">Gen\u00e9tica de las Ventas (Parte 1)<\/a><\/li>\n<li><a href=\"https:\/\/cograf.com\/site\/cultura-de-servicio\/lecturas-de-apoyo\/fabula-de-la-hormiga-productiva\/\" target=\"_blank\">F\u00e1bula de la hormiga productiva<\/a><\/li>\n<li><a href=\"https:\/\/cograf.com\/site\/cultura-de-servicio\/lecturas-de-apoyo\/carrera-de-canoas\/\" target=\"_blank\">Carrera de canoas<\/a><\/li>\n<li><a href=\"https:\/\/cograf.com\/site\/cultura-de-servicio\/lecturas-de-apoyo\/ayer-fallecio-la-persona-que-impedia-tu-crecimiento\/\" target=\"_blank\">Ayer falleci\u00f3 la persona que imped\u00eda tu crecimiento<\/a><\/li>\n<li><a href=\"https:\/\/cograf.com\/site\/cultura-de-servicio\/lecturas-de-apoyo\/seduccion-y-persuasion-genetica-de-las-ventas-parte-2\/\" target=\"_blank\"><span style=\"color: #333333;\">Seducci\u00f3n y Persuasi\u00f3n (Gen\u00e9tica de las Ventas Parte 2)<\/span><\/a><\/li>\n<li><span style=\"color: #333333;\"><a href=\"https:\/\/cograf.com\/site\/cultura-de-servicio\/lecturas-de-apoyo\/historia-del-pescado-fresco-japones\/\" target=\"_blank\">Historia del pescado fresco japones<\/a><\/span><\/li>\n<li><span style=\"color: #333333;\"><span style=\"color: #333333;\"><a href=\"https:\/\/cograf.com\/site\/cultura-de-servicio\/lecturas-de-apoyo\/trabaja-con-inteligencia-emocional\/\" target=\"_blank\"><span style=\"color: #333333;\">Trabaja con inteligencia emocional<\/span><\/a><\/span><\/span><\/li>\n<li><span style=\"color: #333333;\"><span style=\"color: #333333;\"><span style=\"color: #333333;\"><span style=\"color: #333333;\"><a href=\"https:\/\/cograf.com\/site\/cultura-de-servicio\/lecturas-de-apoyo\/por-que-se-debilitan-los-valores\/\" target=\"_blank\">\u00bfPor qu\u00e9 se debilitan los valores?<\/a><\/span><\/span><\/span><\/span><\/li>\n<li><span><span><span><span><a href=\"https:\/\/cograf.com\/site\/cultura-de-servicio\/lecturas-de-apoyo\/habitos-de-la-gente-creativa\/\" target=\"_blank\">H\u00e1bitos de la gente creativa<\/a><\/span><\/span><\/span><\/span><\/li>\n<li><span style=\"color: #333333;\"><span style=\"color: #333333;\"><span style=\"color: #333333;\"><a href=\"https:\/\/cograf.com\/site\/cultura-de-servicio\/lecturas-de-apoyo\/7-maneras-de-perder-tiempo-y-como-evitarlas\/\" target=\"_blank\"><span style=\"color: #333333;\">7 maneras de perder tiempo (y c\u00f3mo evitarlas)<\/span><\/a><\/span><\/span><\/span><\/li>\n<li><a href=\"https:\/\/cograf.com\/site\/cultura-de-servicio\/lecturas-de-apoyo\/que-es-hacer-la-diferencia\/\" target=\"_blank\">\u00bfQu\u00e9 es hacer la diferencia?<\/a><\/li>\n<li><a href=\"https:\/\/cograf.com\/site\/cultura-de-servicio\/lecturas-de-apoyo\/el-humor-potencia-el-pensamiento-creativo\/\" target=\"_blank\">El humor potencia el pensamiento creativo<\/a><\/li>\n<li><a href=\"https:\/\/cograf.com\/site\/cultura-de-servicio\/lecturas-de-apoyo\/2153-2\/\" target=\"_blank\">Doce mandamientos para llegar a ser un jefe innovador<\/a><\/li>\n<li><a href=\"https:\/\/cograf.com\/site\/cultura-de-servicio\/lecturas-de-apoyo\/el-mercader-y-la-bolsa\/\" target=\"_blank\">El mercader y la bolsa<\/a><\/li>\n<li><a href=\"https:\/\/cograf.com\/site\/que-es-trabajar-con-inteligencia-emocional\/\" target=\"_blank\">\u00bfQu\u00e9 es trabajar con inteligencia emocional?<\/a><\/li>\n<li><a href=\"https:\/\/cograf.com\/site\/cultura-de-servicio\/lecturas-de-apoyo\/la-creatividad-se-aprende-igual-que-se-aprende-a-leer\/\" target=\"_blank\">La creatividad se aprende igual que se aprende a leer<\/a><\/li>\n<li><a href=\"https:\/\/cograf.com\/site\/cultura-de-servicio\/lecturas-de-apoyo\/10-claves-para-lograr-que-haya-buen-trabajo-en-equipo\/\" target=\"_blank\">10 Claves para lograr que haya buen trabajo en equipo<\/a><\/li>\n<li><a href=\"https:\/\/cograf.com\/site\/cultura-de-servicio\/lecturas-de-apoyo\/como-mueren-las-ideas-en-las-empresas-un-asunto-de-cultura-supervisoria\/\" target=\"_blank\">\u00bfC\u00f3mo mueren las ideas en las empresas? Un asunto de cultura supervisoria<\/a><\/li>\n<li><a href=\"https:\/\/cograf.com\/site\/cultura-de-servicio\/lecturas-de-apoyo\/de-la-creatividad-a-la-innovacion\/\" target=\"_blank\">De la creatividad a la innovaci\u00f3n\u2026<\/a><\/li>\n<\/ul>\n","protected":false},"excerpt":{"rendered":"<p>Potenciando la creatividad personal Caracteristicas de las empresas \u00abconocedoras\u00bb Di\u00e1logo: El arte de pensar juntos La lectura despierta una curiosidad fundamental para el aprendizaje El \u00absecreto\u00bb del talento es la calidad de la pr\u00e1ctica Aprender es un deleite&#8230; Pero hay&hellip;<\/p>\n","protected":false},"author":1,"featured_media":0,"parent":837,"menu_order":0,"comment_status":"open","ping_status":"open","template":"","meta":{"footnotes":""},"class_list":["post-1841","page","type-page","status-publish","hentry","entry","no-media"],"yoast_head":"<!-- This site is optimized with the Yoast SEO plugin v26.9 - https:\/\/yoast.com\/product\/yoast-seo-wordpress\/ -->\n<title>Lecturas de apoyo - Cograf Comunicaciones<\/title>\n<meta name=\"robots\" content=\"index, follow, max-snippet:-1, max-image-preview:large, max-video-preview:-1\" \/>\n<link rel=\"canonical\" href=\"https:\/\/cograf.com\/site\/cultura-de-servicio\/lecturas-de-apoyo\/\" \/>\n<meta property=\"og:locale\" content=\"es_ES\" \/>\n<meta property=\"og:type\" content=\"article\" \/>\n<meta property=\"og:title\" content=\"Lecturas de apoyo - Cograf Comunicaciones\" \/>\n<meta property=\"og:description\" content=\"Potenciando la creatividad personal Caracteristicas de las empresas \u00abconocedoras\u00bb Di\u00e1logo: El arte de pensar juntos La lectura despierta una curiosidad fundamental para el aprendizaje El \u00absecreto\u00bb del talento es la calidad de la pr\u00e1ctica Aprender es un deleite&#8230; Pero hay&hellip;\" \/>\n<meta property=\"og:url\" content=\"https:\/\/cograf.com\/site\/cultura-de-servicio\/lecturas-de-apoyo\/\" \/>\n<meta property=\"og:site_name\" content=\"Cograf Comunicaciones\" \/>\n<meta property=\"article:modified_time\" content=\"2014-01-17T19:18:22+00:00\" \/>\n<meta name=\"twitter:card\" content=\"summary_large_image\" \/>\n<meta name=\"twitter:label1\" content=\"Tiempo de lectura\" \/>\n\t<meta name=\"twitter:data1\" content=\"2 minutos\" \/>\n<script type=\"application\/ld+json\" class=\"yoast-schema-graph\">{\"@context\":\"https:\/\/schema.org\",\"@graph\":[{\"@type\":\"WebPage\",\"@id\":\"https:\/\/cograf.com\/site\/cultura-de-servicio\/lecturas-de-apoyo\/\",\"url\":\"https:\/\/cograf.com\/site\/cultura-de-servicio\/lecturas-de-apoyo\/\",\"name\":\"Lecturas de apoyo - Cograf Comunicaciones\",\"isPartOf\":{\"@id\":\"https:\/\/cograf.com\/site\/#website\"},\"datePublished\":\"2014-01-14T15:13:45+00:00\",\"dateModified\":\"2014-01-17T19:18:22+00:00\",\"breadcrumb\":{\"@id\":\"https:\/\/cograf.com\/site\/cultura-de-servicio\/lecturas-de-apoyo\/#breadcrumb\"},\"inLanguage\":\"es\",\"potentialAction\":[{\"@type\":\"ReadAction\",\"target\":[\"https:\/\/cograf.com\/site\/cultura-de-servicio\/lecturas-de-apoyo\/\"]}]},{\"@type\":\"BreadcrumbList\",\"@id\":\"https:\/\/cograf.com\/site\/cultura-de-servicio\/lecturas-de-apoyo\/#breadcrumb\",\"itemListElement\":[{\"@type\":\"ListItem\",\"position\":1,\"name\":\"Portada\",\"item\":\"https:\/\/cograf.com\/site\/\"},{\"@type\":\"ListItem\",\"position\":2,\"name\":\"Cultura de Servicio\",\"item\":\"https:\/\/cograf.com\/site\/cultura-de-servicio\/\"},{\"@type\":\"ListItem\",\"position\":3,\"name\":\"Lecturas de apoyo\"}]},{\"@type\":\"WebSite\",\"@id\":\"https:\/\/cograf.com\/site\/#website\",\"url\":\"https:\/\/cograf.com\/site\/\",\"name\":\"Cograf Comunicaciones\",\"description\":\"Imagen de marcas\",\"publisher\":{\"@id\":\"https:\/\/cograf.com\/site\/#organization\"},\"potentialAction\":[{\"@type\":\"SearchAction\",\"target\":{\"@type\":\"EntryPoint\",\"urlTemplate\":\"https:\/\/cograf.com\/site\/?s={search_term_string}\"},\"query-input\":{\"@type\":\"PropertyValueSpecification\",\"valueRequired\":true,\"valueName\":\"search_term_string\"}}],\"inLanguage\":\"es\"},{\"@type\":\"Organization\",\"@id\":\"https:\/\/cograf.com\/site\/#organization\",\"name\":\"Cograf Comunicaciones\",\"url\":\"https:\/\/cograf.com\/site\/\",\"logo\":{\"@type\":\"ImageObject\",\"inLanguage\":\"es\",\"@id\":\"https:\/\/cograf.com\/site\/#\/schema\/logo\/image\/\",\"url\":\"https:\/\/cograf.com\/site\/wp-content\/uploads\/2020\/10\/logo_cograf_new.jpg\",\"contentUrl\":\"https:\/\/cograf.com\/site\/wp-content\/uploads\/2020\/10\/logo_cograf_new.jpg\",\"width\":501,\"height\":301,\"caption\":\"Cograf Comunicaciones\"},\"image\":{\"@id\":\"https:\/\/cograf.com\/site\/#\/schema\/logo\/image\/\"}}]}<\/script>\n<!-- \/ Yoast SEO plugin. -->","yoast_head_json":{"title":"Lecturas de apoyo - Cograf Comunicaciones","robots":{"index":"index","follow":"follow","max-snippet":"max-snippet:-1","max-image-preview":"max-image-preview:large","max-video-preview":"max-video-preview:-1"},"canonical":"https:\/\/cograf.com\/site\/cultura-de-servicio\/lecturas-de-apoyo\/","og_locale":"es_ES","og_type":"article","og_title":"Lecturas de apoyo - Cograf Comunicaciones","og_description":"Potenciando la creatividad personal Caracteristicas de las empresas \u00abconocedoras\u00bb Di\u00e1logo: El arte de pensar juntos La lectura despierta una curiosidad fundamental para el aprendizaje El \u00absecreto\u00bb del talento es la calidad de la pr\u00e1ctica Aprender es un deleite&#8230; Pero hay&hellip;","og_url":"https:\/\/cograf.com\/site\/cultura-de-servicio\/lecturas-de-apoyo\/","og_site_name":"Cograf Comunicaciones","article_modified_time":"2014-01-17T19:18:22+00:00","twitter_card":"summary_large_image","twitter_misc":{"Tiempo de lectura":"2 minutos"},"schema":{"@context":"https:\/\/schema.org","@graph":[{"@type":"WebPage","@id":"https:\/\/cograf.com\/site\/cultura-de-servicio\/lecturas-de-apoyo\/","url":"https:\/\/cograf.com\/site\/cultura-de-servicio\/lecturas-de-apoyo\/","name":"Lecturas de apoyo - Cograf Comunicaciones","isPartOf":{"@id":"https:\/\/cograf.com\/site\/#website"},"datePublished":"2014-01-14T15:13:45+00:00","dateModified":"2014-01-17T19:18:22+00:00","breadcrumb":{"@id":"https:\/\/cograf.com\/site\/cultura-de-servicio\/lecturas-de-apoyo\/#breadcrumb"},"inLanguage":"es","potentialAction":[{"@type":"ReadAction","target":["https:\/\/cograf.com\/site\/cultura-de-servicio\/lecturas-de-apoyo\/"]}]},{"@type":"BreadcrumbList","@id":"https:\/\/cograf.com\/site\/cultura-de-servicio\/lecturas-de-apoyo\/#breadcrumb","itemListElement":[{"@type":"ListItem","position":1,"name":"Portada","item":"https:\/\/cograf.com\/site\/"},{"@type":"ListItem","position":2,"name":"Cultura de Servicio","item":"https:\/\/cograf.com\/site\/cultura-de-servicio\/"},{"@type":"ListItem","position":3,"name":"Lecturas de apoyo"}]},{"@type":"WebSite","@id":"https:\/\/cograf.com\/site\/#website","url":"https:\/\/cograf.com\/site\/","name":"Cograf Comunicaciones","description":"Imagen de marcas","publisher":{"@id":"https:\/\/cograf.com\/site\/#organization"},"potentialAction":[{"@type":"SearchAction","target":{"@type":"EntryPoint","urlTemplate":"https:\/\/cograf.com\/site\/?s={search_term_string}"},"query-input":{"@type":"PropertyValueSpecification","valueRequired":true,"valueName":"search_term_string"}}],"inLanguage":"es"},{"@type":"Organization","@id":"https:\/\/cograf.com\/site\/#organization","name":"Cograf Comunicaciones","url":"https:\/\/cograf.com\/site\/","logo":{"@type":"ImageObject","inLanguage":"es","@id":"https:\/\/cograf.com\/site\/#\/schema\/logo\/image\/","url":"https:\/\/cograf.com\/site\/wp-content\/uploads\/2020\/10\/logo_cograf_new.jpg","contentUrl":"https:\/\/cograf.com\/site\/wp-content\/uploads\/2020\/10\/logo_cograf_new.jpg","width":501,"height":301,"caption":"Cograf Comunicaciones"},"image":{"@id":"https:\/\/cograf.com\/site\/#\/schema\/logo\/image\/"}}]}},"_links":{"self":[{"href":"https:\/\/cograf.com\/site\/wp-json\/wp\/v2\/pages\/1841","targetHints":{"allow":["GET"]}}],"collection":[{"href":"https:\/\/cograf.com\/site\/wp-json\/wp\/v2\/pages"}],"about":[{"href":"https:\/\/cograf.com\/site\/wp-json\/wp\/v2\/types\/page"}],"author":[{"embeddable":true,"href":"https:\/\/cograf.com\/site\/wp-json\/wp\/v2\/users\/1"}],"replies":[{"embeddable":true,"href":"https:\/\/cograf.com\/site\/wp-json\/wp\/v2\/comments?post=1841"}],"version-history":[{"count":0,"href":"https:\/\/cograf.com\/site\/wp-json\/wp\/v2\/pages\/1841\/revisions"}],"up":[{"embeddable":true,"href":"https:\/\/cograf.com\/site\/wp-json\/wp\/v2\/pages\/837"}],"wp:attachment":[{"href":"https:\/\/cograf.com\/site\/wp-json\/wp\/v2\/media?parent=1841"}],"curies":[{"name":"wp","href":"https:\/\/api.w.org\/{rel}","templated":true}]}}